{"id":7133,"date":"2021-12-04T14:45:33","date_gmt":"2021-12-04T07:45:33","guid":{"rendered":"https:\/\/sansanhouse.com\/?post_type=product&#038;p=7133"},"modified":"2021-12-22T10:51:13","modified_gmt":"2021-12-22T03:51:13","slug":"dau-goi-kho-batiste-dry-shampoo","status":"publish","type":"product","link":"https:\/\/sansanhouse.com\/index.php\/product\/dau-goi-kho-batiste-dry-shampoo\/","title":{"rendered":"D\u1ea7u G\u1ed9i Kh\u00f4 Batiste"},"content":{"rendered":"<div dir=\"auto\">H\u00e0ng Nh\u1eadp \u0110\u1ee9c &#8211; 50ml<\/div>\n<div dir=\"auto\">C\u00f2n c\u00e1c m\u00f9i: Cherry, Blush, Hydrate, Volumen<\/div>\n<div dir=\"auto\">D\u1ea7u g\u1ed9i kh\u00f4 l\u00e0 m\u1ed9t trong nh\u1eefng lo\u1ea1i s\u1ea3n ph\u1ea9m \u0111a n\u0103ng v\u1edbi nhi\u1ec1u c\u00f4ng d\u1ee5ng kh\u00e1c nhau. D\u1ea7u g\u1ed9i kh\u00f4 \u0111\u01b0\u1ee3c s\u1eed d\u1ee5ng hi\u1ec7u qu\u1ea3 tr\u00ean c\u1ea3 nam v\u00e0 n\u1eef. Nh\u1eefng c\u00f4ng d\u1ee5ng ch\u00ednh c\u1ee7a d\u1ea7u g\u1ed9i kh\u00f4 Batiste c\u00f3 th\u1ec3 k\u1ec3 \u0111\u1ebfn:<\/div>\n<div dir=\"auto\">L\u00e0m s\u1ea1ch t\u00f3c hi\u1ec7u qu\u1ea3, nhanh ch\u00f3ng trong t\u00edch t\u1eafc m\u00e0 kh\u00f4ng c\u1ea7n d\u00f9ng n\u01b0\u1edbc<\/div>\n<div dir=\"auto\">H\u00fat d\u1ea7u, h\u00fat \u1ea9m c\u1ef1c t\u1ed1t, gi\u00fap tr\u00e1nh b\u1ebft d\u00ednh cho t\u00f3c hi\u1ec7u qu\u1ea3<\/div>\n<div dir=\"auto\">T\u1ea1o \u0111\u1ed9 b\u1ed3ng b\u1ec1nh, d\u00e0y d\u1eb7n cho m\u00e1i t\u00f3c<\/div>\n<div dir=\"auto\">H\u1ed7 tr\u1ee3 cho qu\u00e1 tr\u00ecnh t\u1ea1o ki\u1ec3u t\u00f3c, \u0111\u1eb7c bi\u1ec7t l\u00e0 nh\u1eefng ki\u1ec3u t\u00f3c c\u1ea7n \u0111\u1ed9 ph\u1ed3ng<\/div>\n<div dir=\"auto\">Ngo\u00e0i t\u00e1c d\u1ee5ng l\u00e0m \u0111\u1eb9p, d\u1ea7u g\u1ed9i kh\u00f4 Batiste c\u00f2n l\u00e0 l\u1ef1a ch\u1ecdn c\u1ee7a nhi\u1ec1u \u0111\u1ed1i t\u01b0\u1ee3ng kh\u00e1c nhau nh\u01b0 c\u00e1c b\u00e0 b\u1ea7u, ph\u01b0\u1ee3t th\u1ee7,\u2026 l\u00e0 nh\u1eefng ng\u01b0\u1eddi c\u00f3 \u00edt, ho\u1eb7c kh\u00f4ng c\u00f3 th\u1eddi gian \u0111\u1ec3 t\u1eafm g\u1ed9i.<\/div>\n<div dir=\"auto\">H\u01b0\u1edbng d\u1eabn s\u1eed d\u1ee5ng:<\/div>\n<div dir=\"auto\">&#8211; L\u1eafc \u0111\u1ec1u b\u00ecnh x\u1ecbt<\/div>\n<div dir=\"auto\">&#8211; Chia t\u00f3c th\u00e0nh c\u00e1c ph\u1ea7n<\/div>\n<div dir=\"auto\">&#8211; \u0110\u1ec3 b\u00ecnh x\u1ecbt c\u00e1ch t\u00f3c 15-25cm, x\u1ecbt d\u1ea7u g\u1ed9i l\u00ean t\u1eebng l\u1edbp t\u00f3c vu\u1ed1t ho\u1eb7c ch\u1ea3i \u0111\u1ec1u l\u00ean t\u00f3c v\u00e0 c\u1ea3m nh\u1eadn k\u1ebft qu\u1ea3<\/div>\n","protected":false},"excerpt":{"rendered":"<p>H\u00e0ng Nh\u1eadp \u0110\u1ee9c &#8211; 50ml C\u00f2n c\u00e1c m\u00f9i: Cherry, Blush, Hydrate, Volumen D\u1ea7u g\u1ed9i kh\u00f4 l\u00e0 m\u1ed9t trong nh\u1eefng lo\u1ea1i s\u1ea3n ph\u1ea9m \u0111a n\u0103ng v\u1edbi nhi\u1ec1u c\u00f4ng d\u1ee5ng kh\u00e1c nhau. D\u1ea7u g\u1ed9i kh\u00f4 \u0111\u01b0\u1ee3c s\u1eed d\u1ee5ng hi\u1ec7u qu\u1ea3 tr\u00ean c\u1ea3 &hellip; <a href=\"https:\/\/sansanhouse.com\/index.php\/product\/dau-goi-kho-batiste-dry-shampoo\/\">Readmore<\/a><\/p>\n","protected":false},"featured_media":7452,"comment_status":"open","ping_status":"closed","template":"","meta":[],"product_cat":[168],"product_tag":[],"_links":{"self":[{"href":"https:\/\/sansanhouse.com\/index.php\/wp-json\/wp\/v2\/product\/7133"}],"collection":[{"href":"https:\/\/sansanhouse.com\/index.php\/wp-json\/wp\/v2\/product"}],"about":[{"href":"https:\/\/sansanhouse.com\/index.php\/wp-json\/wp\/v2\/types\/product"}],"replies":[{"embeddable":true,"href":"https:\/\/sansanhouse.com\/index.php\/wp-json\/wp\/v2\/comments?post=7133"}],"wp:featuredmedia":[{"embeddable":true,"href":"https:\/\/sansanhouse.com\/index.php\/wp-json\/wp\/v2\/media\/7452"}],"wp:attachment":[{"href":"https:\/\/sansanhouse.com\/index.php\/wp-json\/wp\/v2\/media?parent=7133"}],"wp:term":[{"taxonomy":"product_cat","embeddable":true,"href":"https:\/\/sansanhouse.com\/index.php\/wp-json\/wp\/v2\/product_cat?post=7133"},{"taxonomy":"product_tag","embeddable":true,"href":"https:\/\/sansanhouse.com\/index.php\/wp-json\/wp\/v2\/product_tag?post=7133"}],"curies":[{"name":"wp","href":"https:\/\/api.w.org\/{rel}","templated":true}]}}