{"id":7148,"date":"2021-12-04T14:56:32","date_gmt":"2021-12-04T07:56:32","guid":{"rendered":"https:\/\/sansanhouse.com\/?post_type=product&#038;p=7148"},"modified":"2023-04-21T11:20:20","modified_gmt":"2023-04-21T04:20:20","slug":"kem-chong-nang-sundance-spf-50-sonnencreme","status":"publish","type":"product","link":"https:\/\/sansanhouse.com\/index.php\/product\/kem-chong-nang-sundance-spf-50-sonnencreme\/","title":{"rendered":"Kem ch\u1ed1ng n\u1eafng Sundance SPF 50"},"content":{"rendered":"<div class=\"o9v6fnle cxmmr5t8 oygrvhab hcukyx3x c1et5uql ii04i59q\">\n<div dir=\"auto\">Dung t\u00edch: 50ml<\/div>\n<div dir=\"auto\">Kem ch\u1ed1ng n\u1eafng Sundance SPF 50 l\u00e0 m\u1ed9t trong nh\u1eefng d\u00f2ng s\u1ea3n ph\u1ea9m \u0111\u01b0\u1ee3c ng\u01b0\u1eddi d\u00f9ng y\u00eau th\u00edch. H\u1ec7 th\u1ed1ng l\u1ecdc tia UVA\/UVB b\u1ea3o v\u1ec7 l\u00e0n da, gi\u00fap da tr\u00e1nh kh\u1ecfi b\u1ecb ch\u00e1y n\u1eafng v\u00e0 g\u1ed1c t\u1ef1 do. L\u00e3o h\u00f3a da s\u1edbm, thay \u0111\u1ed5i s\u1eafc t\u1ed1 da do \u00e1nh n\u1eafng g\u00e2y ra v\u00e0 n\u1ebfp nh\u0103n c\u00f3 th\u1ec3 \u0111\u01b0\u1ee3c ng\u0103n ch\u1eb7n t\u1eeb s\u1edbm.<\/div>\n<\/div>\n<div class=\"o9v6fnle cxmmr5t8 oygrvhab hcukyx3x c1et5uql ii04i59q\">\n<div dir=\"auto\">Kem ch\u1ed1ng n\u1eafng kh\u00f4ng th\u1ea5m n\u01b0\u1edbc v\u1edbi panthenol v\u00e0 glycerine nu\u00f4i d\u01b0\u1ee1ng da l\u00ean \u0111\u1ebfn 24 gi\u1edd, d\u01b0\u1ee1ng \u1ea9m cho da, b\u1ea3o v\u1ec7 da kh\u1ecfi b\u1ecb kh\u00f4.<\/div>\n<div dir=\"auto\"><\/div>\n<\/div>\n<div class=\"o9v6fnle cxmmr5t8 oygrvhab hcukyx3x c1et5uql ii04i59q\">\n<div dir=\"auto\">C\u00f4ng d\u1ee5ng<\/div>\n<div dir=\"auto\">SPF 50 cao<\/div>\n<div dir=\"auto\">B\u1ea3o v\u1ec7 da kh\u1ecfi t\u00e1c h\u1ea1i c\u1ee7a c\u00e1c tia UVA\/UVB<\/div>\n<div dir=\"auto\">Chi\u1ebft xu\u1ea5t tr\u00e0 xanh v\u00e0 vitamin E b\u1ea3o v\u1ec7 gi\u00fap da kh\u00f4ng b\u1ecb ch\u00e1y n\u1eafng, r\u00e1m n\u1eafng<\/div>\n<div dir=\"auto\">Ph\u00f9 h\u1ee3p d\u00f9ng cho da m\u1eb7t<\/div>\n<div dir=\"auto\">C\u00f4ng th\u1ee9c kh\u00f4ng th\u1ea5m n\u01b0\u1edbc v\u00e0 kh\u00f4ng nh\u1eddn<\/div>\n<div dir=\"auto\">Ki\u1ec3m ch\u1ee9ng t\u01b0\u01a1ng th\u00edch da li\u1ec5u \u0111\u00e3 \u0111\u01b0\u1ee3c ph\u00ea duy\u1ec7t<\/div>\n<div dir=\"auto\">Review v\u1ec1 kem ch\u1ed1ng n\u1eafng sundance spf 50<\/div>\n<div dir=\"auto\">K\u1ebft c\u1ea5u d\u1ea1ng creme n\u00ean kh\u00e1 \u0111\u1eb7c. M\u00f9i th\u01a1m d\u1eeba d\u1ecbu nh\u1eb9 kh\u00e1 d\u1ec5 ch\u1ecbu. Ch\u1ea5t kem \u0111\u1eb7c, tr\u1eafng nh\u01b0ng xoa l\u00ean da th\u00ec r\u1ea5t \u0111\u1ec1u, m\u1ecbn, m\u00e0u da \u0111\u1ed3ng \u0111\u1ec1u. Khi thoa kem tone da s\u00e1ng l\u00ean m\u1ed9t ch\u00fat nh\u01b0ng khi kem \u0111\u00e3 th\u1ea9m th\u1ea5u th\u00ec s\u1ebd tr\u1edf l\u1ea1i nh\u01b0 th\u01b0\u1eddng.<\/div>\n<div dir=\"auto\">D\u1ea1ng creme n\u00ean gi\u1eef \u1ea9m kh\u00e1 t\u1ed1t, do \u0111\u00f3 ph\u00f9 h\u1ee3p v\u1edbi c\u00e1c n\u00e0ng da kh\u00f4. C\u00f2n n\u00e0ng n\u00e0o da d\u1ea7u m\u00e0 x\u00e0i s\u1ebd c\u00f3 c\u1ea3m gi\u00e1c nh\u1eddn d\u00ednh.<\/div>\n<div dir=\"auto\">D\u1ea1ng tu\u00fdt s\u1eed d\u1ee5ng kh\u00e1 ti\u1ec7n d\u1ee5ng. Ch\u1ea5t kem kh\u00e1 l\u00e0nh t\u00ednh n\u00ean kh\u00f4ng g\u00e2y n\u1ed5i m\u1ee5n cho da<\/div>\n<div dir=\"auto\">Theo m\u00ecnh ngh\u0129, b\u1ea1n n\u00e0o t\u00fai ti\u1ec1n c\u00f2n h\u1ea1n h\u1eb9p, mu\u1ed1n t\u00ecm s\u1ea3n ph\u1ea9m ph\u00f9 h\u1ee3p cho c\u1ea3 da m\u1eb7t v\u00e0 body th\u00ec \u0111\u00e2y l\u00e0 s\u1ea3n ph\u1ea9m r\u1ea5t \u0111\u00e1ng \u0111\u1ec3 mua.<\/div>\n<div dir=\"auto\"><\/div>\n<div dir=\"auto\">C\u00e1ch d\u00f9ng<\/div>\n<div dir=\"auto\">Thoa kem \u0111\u1ec1u l\u00ean da tr\u01b0\u1edbc khi ti\u1ebfp x\u00fac v\u1edbi \u00e1nh n\u1eafng m\u1eb7t tr\u1eddi.<\/div>\n<div dir=\"auto\">Tr\u00e1nh ti\u1ebfp x\u00fac tr\u1ef1c ti\u1ebfp v\u00e0o m\u1eaft.<\/div>\n<div dir=\"auto\">SPF l\u00e0 ch\u1ec9 s\u1ed1 ch\u1ed1ng n\u1eafng, ch\u1ec9 s\u1ed1 c\u00e0ng cao th\u00ec th\u1eddi gian hi\u1ec7u qu\u1ea3 c\u1ee7a s\u1ea3n ph\u1ea9m c\u00e0ng l\u00e2u.<\/div>\n<div dir=\"auto\">N\u00ean thoa l\u1ea1i kem ch\u1ed1ng n\u1eafng Sundance Spf 50 sau khi b\u01a1i, sau khi t\u1eafm,\u2026\u0111\u1ebf t\u0103ng hi\u1ec7u qu\u1ea3 b\u1ea3o v\u1ec7 da.<\/div>\n<div dir=\"auto\">V\u1edbi \u00e1nh n\u1eafng \u1edb V\u1ec9\u1ec7t Nam nh\u1eefng ng\u00e0y h\u00e8 th\u00ec n\u00ean s\u1eed dung lo\u1ea1i kem ch\u1ed1ng n\u1eafng sundance c\u00f3 SPF &gt;30<\/div>\n<div dir=\"auto\">M\u1ed7i ng\u01b0\u1eddi n\u00ean t\u1ea1o th\u00f3i quen b\u00f4i kem ch\u1ed1ng n\u1eafng tr\u01b0\u1edbc khi \u0111i ra ngo\u00e0i.<\/div>\n<\/div>\n","protected":false},"excerpt":{"rendered":"<p>Dung t\u00edch: 50ml Kem ch\u1ed1ng n\u1eafng Sundance SPF 50 l\u00e0 m\u1ed9t trong nh\u1eefng d\u00f2ng s\u1ea3n ph\u1ea9m \u0111\u01b0\u1ee3c ng\u01b0\u1eddi d\u00f9ng y\u00eau th\u00edch. H\u1ec7 th\u1ed1ng l\u1ecdc tia UVA\/UVB b\u1ea3o v\u1ec7 l\u00e0n da, gi\u00fap da tr\u00e1nh kh\u1ecfi b\u1ecb ch\u00e1y n\u1eafng v\u00e0 g\u1ed1c t\u1ef1 &hellip; <a href=\"https:\/\/sansanhouse.com\/index.php\/product\/kem-chong-nang-sundance-spf-50-sonnencreme\/\">Readmore<\/a><\/p>\n","protected":false},"featured_media":7149,"comment_status":"open","ping_status":"closed","template":"","meta":[],"product_cat":[168],"product_tag":[80],"_links":{"self":[{"href":"https:\/\/sansanhouse.com\/index.php\/wp-json\/wp\/v2\/product\/7148"}],"collection":[{"href":"https:\/\/sansanhouse.com\/index.php\/wp-json\/wp\/v2\/product"}],"about":[{"href":"https:\/\/sansanhouse.com\/index.php\/wp-json\/wp\/v2\/types\/product"}],"replies":[{"embeddable":true,"href":"https:\/\/sansanhouse.com\/index.php\/wp-json\/wp\/v2\/comments?post=7148"}],"wp:featuredmedia":[{"embeddable":true,"href":"https:\/\/sansanhouse.com\/index.php\/wp-json\/wp\/v2\/media\/7149"}],"wp:attachment":[{"href":"https:\/\/sansanhouse.com\/index.php\/wp-json\/wp\/v2\/media?parent=7148"}],"wp:term":[{"taxonomy":"product_cat","embeddable":true,"href":"https:\/\/sansanhouse.com\/index.php\/wp-json\/wp\/v2\/product_cat?post=7148"},{"taxonomy":"product_tag","embeddable":true,"href":"https:\/\/sansanhouse.com\/index.php\/wp-json\/wp\/v2\/product_tag?post=7148"}],"curies":[{"name":"wp","href":"https:\/\/api.w.org\/{rel}","templated":true}]}}