{"id":7150,"date":"2021-12-04T14:58:16","date_gmt":"2021-12-04T07:58:16","guid":{"rendered":"https:\/\/sansanhouse.com\/?post_type=product&#038;p=7150"},"modified":"2021-12-10T12:05:03","modified_gmt":"2021-12-10T05:05:03","slug":"dung-dich-ve-sinh-nivea-intimo","status":"publish","type":"product","link":"https:\/\/sansanhouse.com\/index.php\/product\/dung-dich-ve-sinh-nivea-intimo\/","title":{"rendered":"DUNG D\u1ecaCH V\u1ec6 SINH NIVEA INTIMO"},"content":{"rendered":"<div class=\"o9v6fnle cxmmr5t8 oygrvhab hcukyx3x c1et5uql ii04i59q\">\n<div dir=\"auto\">Dung t\u00edch: 250ml<\/div>\n<div dir=\"auto\">S\u1ea3n ph\u1ea9m \u0111c ki\u1ec3m nghi\u1ec7m kh\u1eaft khe c\u1ee7a b\u1ed9 y t\u1ebf \u0110\u1ee9c<\/div>\n<div dir=\"auto\">Dung d\u1ecbch v\u1ec7 sinh nivia d\u00f9ng \u0111\u1ec3 ph\u00f2ng v\u00e0 \u0111i\u1ec1u tr\u1ecb vi\u00eam nhi\u1ec5m \u0111\u01b0\u01a1\u0300ng sinh d\u1ee5c, th\u00edch h\u1ee3p cho: v\u1ec7 sinh h\u00e0ng ng\u00e0y, \u0111\u1eb7c bi\u1ec7t trong nh\u1eefng ng\u00e0y kinh nguy\u1ec7t, ph\u1ee5 n\u1eef c\u00f3 thai, s\u1ea3n ph\u1ee5 tr\u01b0\u1edbc v\u00e0 sau khi sinh.<\/div>\n<\/div>\n<div class=\"o9v6fnle cxmmr5t8 oygrvhab hcukyx3x c1et5uql ii04i59q\">\n<div dir=\"auto\">\u0110i\u1ec1u tr\u1ecb do vi n\u1ea5m, nhi\u1ec5m n\u1ea5m do candida, huy\u1ebft tr\u1eafng<\/div>\n<\/div>\n<div class=\"o9v6fnle cxmmr5t8 oygrvhab hcukyx3x c1et5uql ii04i59q\">\n<div dir=\"auto\">B\u1ec7nh nh\u00e2n Nam b\u1ecb vi\u00eam ng\u1ee9a \u0111\u01b0\u1eddng sinh d\u1ee5c<\/div>\n<\/div>\n<div class=\"o9v6fnle cxmmr5t8 oygrvhab hcukyx3x c1et5uql ii04i59q\">\n<div dir=\"auto\">V\u1ec7 sinh v\u00f9ng Sd cho c\u1ea3 Nam gi\u1edbi v\u00e0 N\u1eef gi\u1edbi<\/div>\n<\/div>\n<div class=\"o9v6fnle cxmmr5t8 oygrvhab hcukyx3x c1et5uql ii04i59q\">\n<div dir=\"auto\">Nivea c\u00f3 ngu\u1ed3n g\u1ed1c thi\u00ean nhi\u00ean, kh\u00f4ng ch\u1ee9a x\u00e0 ph\u00f2ng, kh\u00f4ng g\u00e2y h\u1ea1i cho da v\u00e0 ni\u00eam m\u1ea1c.<\/div>\n<\/div>\n<div class=\"o9v6fnle cxmmr5t8 oygrvhab hcukyx3x c1et5uql ii04i59q\">\n<div dir=\"auto\">H\u01b0\u01a1ng hoa thi\u00ean nhi\u00ean k\u1ebft h\u1ee3p gi\u00fap c\u00e2n b\u1eb1ng \u0111\u1ed9 \u1ea9m, b\u1ea3o v\u1ec7 v\u00f9ng k\u00edn v\u00e0 ng\u0103n ng\u1eeba c\u00e1c t\u00e1c nh\u00e2n g\u00e2y m\u00f9i kh\u00f3 ch\u1ecbu.<\/div>\n<\/div>\n","protected":false},"excerpt":{"rendered":"<p>Dung t\u00edch: 250ml S\u1ea3n ph\u1ea9m \u0111c ki\u1ec3m nghi\u1ec7m kh\u1eaft khe c\u1ee7a b\u1ed9 y t\u1ebf \u0110\u1ee9c Dung d\u1ecbch v\u1ec7 sinh nivia d\u00f9ng \u0111\u1ec3 ph\u00f2ng v\u00e0 \u0111i\u1ec1u tr\u1ecb vi\u00eam nhi\u1ec5m \u0111\u01b0\u01a1\u0300ng sinh d\u1ee5c, th\u00edch h\u1ee3p cho: v\u1ec7 sinh h\u00e0ng ng\u00e0y, \u0111\u1eb7c bi\u1ec7t &hellip; <a href=\"https:\/\/sansanhouse.com\/index.php\/product\/dung-dich-ve-sinh-nivea-intimo\/\">Readmore<\/a><\/p>\n","protected":false},"featured_media":7151,"comment_status":"open","ping_status":"closed","template":"","meta":[],"product_cat":[168],"product_tag":[],"_links":{"self":[{"href":"https:\/\/sansanhouse.com\/index.php\/wp-json\/wp\/v2\/product\/7150"}],"collection":[{"href":"https:\/\/sansanhouse.com\/index.php\/wp-json\/wp\/v2\/product"}],"about":[{"href":"https:\/\/sansanhouse.com\/index.php\/wp-json\/wp\/v2\/types\/product"}],"replies":[{"embeddable":true,"href":"https:\/\/sansanhouse.com\/index.php\/wp-json\/wp\/v2\/comments?post=7150"}],"wp:featuredmedia":[{"embeddable":true,"href":"https:\/\/sansanhouse.com\/index.php\/wp-json\/wp\/v2\/media\/7151"}],"wp:attachment":[{"href":"https:\/\/sansanhouse.com\/index.php\/wp-json\/wp\/v2\/media?parent=7150"}],"wp:term":[{"taxonomy":"product_cat","embeddable":true,"href":"https:\/\/sansanhouse.com\/index.php\/wp-json\/wp\/v2\/product_cat?post=7150"},{"taxonomy":"product_tag","embeddable":true,"href":"https:\/\/sansanhouse.com\/index.php\/wp-json\/wp\/v2\/product_tag?post=7150"}],"curies":[{"name":"wp","href":"https:\/\/api.w.org\/{rel}","templated":true}]}}