{"id":7168,"date":"2021-12-04T15:13:12","date_gmt":"2021-12-04T08:13:12","guid":{"rendered":"https:\/\/sansanhouse.com\/?post_type=product&#038;p=7168"},"modified":"2021-12-10T12:25:29","modified_gmt":"2021-12-10T05:25:29","slug":"kem-tay-long-balea-dm","status":"publish","type":"product","link":"https:\/\/sansanhouse.com\/index.php\/product\/kem-tay-long-balea-dm\/","title":{"rendered":"KEM T\u1ea8Y L\u00d4NG BALEA &#8211; DM"},"content":{"rendered":"<div class=\"o9v6fnle cxmmr5t8 oygrvhab hcukyx3x c1et5uql ii04i59q\">\n<div dir=\"auto\">\u0110\u00e2y l\u00e0 1 lo\u1ea1i kem t\u1ea9y l\u00f4ng lo\u1ea1i b\u1ecf l\u00f4ng ho\u00e0n to\u00e0n m\u00e0 ko g\u00e2y d\u1ecb \u1ee9ng, n\u00f3 ko ch\u1ee9a parapen v\u00e0 silicon n\u00ean \u0111\u1ea3m b\u1ea3o c\u1ee5c k\u00ec an to\u00e0n, ko h\u1ea1i da.<\/div>\n<div dir=\"auto\">Th\u00e0nh ph\u1ea7n chi\u1ebft xu\u1ea5t t\u1eeb m\u01a1 v\u00e0 d\u1ea7u h\u1ea1nh nh\u00e2n gi\u00fap nu\u00f4i d\u01b0\u1ee1ng da. Th\u00edch h\u1ee3p s\u1eed d\u1ee5ng lo\u1ea1i b\u1ecf l\u00f4ng tay, ch\u00e2n v\u00e0 l\u00f4ng v\u00f9ng d\u01b0\u1edbi c\u00e1nh tay ( v\u00f9ng n\u00e0y l\u00f4ng c\u1ee9ng h\u01a1n n\u00ean b\u1ea1n b\u00f4i d\u00e0y h\u01a1n khi t\u1ea9y l\u00f4ng tay ch\u00e2n) l\u00e0m m\u1ec1m v\u00e0 ch\u1eadm qu\u00e1 tr\u00ecnh m\u1ecdc l\u00f4ng.<\/div>\n<\/div>\n<div class=\"o9v6fnle cxmmr5t8 oygrvhab hcukyx3x c1et5uql ii04i59q\">\n<div dir=\"auto\">Kem t\u1ea9y l\u00f4ng Balea Ent-Haarungs Creme ph\u00f9 h\u1ee3p cho da nh\u1ea1y c\u1ea3m.<\/div>\n<div dir=\"auto\">HDSD: Bao ph\u1ee7 kem l\u00ean ch\u1ed7 c\u1ea7n t\u1ea9y l\u00f4ng \u0111\u1ec3 kho\u1ea3ng 5-10 ph\u00fat, d\u00f9ng mi\u1ebfng nh\u1ef1a \u0111i k\u00e8m g\u1ea1t . Sau \u0111\u00f3 r\u1eeda s\u1ea1ch b\u1eb1ng n\u01b0\u1edbc.<\/div>\n<\/div>\n<div class=\"o9v6fnle cxmmr5t8 oygrvhab hcukyx3x c1et5uql ii04i59q\">\n<div dir=\"auto\">\u0110\u1ec3 xa t\u1ea7m tay tr\u1ebb em, tr\u00e1nh ti\u1ebfp x\u00fac v\u00f9ng m\u1eaft.<\/div>\n<\/div>\n","protected":false},"excerpt":{"rendered":"<p>\u0110\u00e2y l\u00e0 1 lo\u1ea1i kem t\u1ea9y l\u00f4ng lo\u1ea1i b\u1ecf l\u00f4ng ho\u00e0n to\u00e0n m\u00e0 ko g\u00e2y d\u1ecb \u1ee9ng, n\u00f3 ko ch\u1ee9a parapen v\u00e0 silicon n\u00ean \u0111\u1ea3m b\u1ea3o c\u1ee5c k\u00ec an to\u00e0n, ko h\u1ea1i da. Th\u00e0nh ph\u1ea7n chi\u1ebft xu\u1ea5t t\u1eeb m\u01a1 v\u00e0 &hellip; <a href=\"https:\/\/sansanhouse.com\/index.php\/product\/kem-tay-long-balea-dm\/\">Readmore<\/a><\/p>\n","protected":false},"featured_media":7169,"comment_status":"open","ping_status":"closed","template":"","meta":[],"product_cat":[168],"product_tag":[80],"_links":{"self":[{"href":"https:\/\/sansanhouse.com\/index.php\/wp-json\/wp\/v2\/product\/7168"}],"collection":[{"href":"https:\/\/sansanhouse.com\/index.php\/wp-json\/wp\/v2\/product"}],"about":[{"href":"https:\/\/sansanhouse.com\/index.php\/wp-json\/wp\/v2\/types\/product"}],"replies":[{"embeddable":true,"href":"https:\/\/sansanhouse.com\/index.php\/wp-json\/wp\/v2\/comments?post=7168"}],"wp:featuredmedia":[{"embeddable":true,"href":"https:\/\/sansanhouse.com\/index.php\/wp-json\/wp\/v2\/media\/7169"}],"wp:attachment":[{"href":"https:\/\/sansanhouse.com\/index.php\/wp-json\/wp\/v2\/media?parent=7168"}],"wp:term":[{"taxonomy":"product_cat","embeddable":true,"href":"https:\/\/sansanhouse.com\/index.php\/wp-json\/wp\/v2\/product_cat?post=7168"},{"taxonomy":"product_tag","embeddable":true,"href":"https:\/\/sansanhouse.com\/index.php\/wp-json\/wp\/v2\/product_tag?post=7168"}],"curies":[{"name":"wp","href":"https:\/\/api.w.org\/{rel}","templated":true}]}}