{"id":7192,"date":"2021-12-04T15:32:16","date_gmt":"2021-12-04T08:32:16","guid":{"rendered":"https:\/\/sansanhouse.com\/?post_type=product&#038;p=7192"},"modified":"2021-12-22T10:25:07","modified_gmt":"2021-12-22T03:25:07","slug":"kem-danh-rang-dontodent-junior-cho-tre-tren-6-tuoi","status":"publish","type":"product","link":"https:\/\/sansanhouse.com\/index.php\/product\/kem-danh-rang-dontodent-junior-cho-tre-tren-6-tuoi\/","title":{"rendered":"Kem \u0110\u00e1nh R\u0103ng &#8211; Tr\u1ebb Tr\u00ean 6 Tu\u1ed5i"},"content":{"rendered":"<div dir=\"auto\">Dung t\u00edch: 100 ml\\Kem \u0110\u00e1nh R\u0103ng Dontodent Junior Cho Tr\u1ebb Tr\u00ean 6 Tu\u1ed5i, 100 mlKem \u0111\u00e1nh r\u0103ng DONTODENT Junior 6+ \u0111\u01b0\u1ee3c ph\u00e1t tri\u1ec3n \u0111\u1eb7c bi\u1ec7t cho tr\u1ebb em 6 tu\u1ed5i tr\u1edf l\u00ean. H\u00e0m l\u01b0\u1ee3ng florua th\u00edch h\u1ee3p v\u1edbi \u0111\u1ed9 tu\u1ed5i gi\u00fap l\u00e0m c\u1ee9ng men r\u0103ng nh\u1ea1y c\u1ea3m c\u1ee7a b\u00e9 v\u00e0 t\u0103ng c\u01b0\u1eddng r\u0103ng ch\u1ed1ng s\u00e2u r\u0103ng v\u00e0 tho\u00e1i h\u00f3a men r\u0103ng. H\u01b0\u01a1ng v\u1ecb b\u1ea1c h\u00e0 t\u01b0\u01a1i s\u00e1ng, nh\u1eb9 nh\u00e0ng v\u00e0 c\u00e1c s\u1ecdc m\u00e0u long lanh tr\u00ean kem gi\u00fap vi\u1ec7c \u0111\u00e1nh r\u0103ng tr\u1edf n\u00ean th\u00fa v\u1ecb. S\u1eed d\u1ee5ng th\u01b0\u1eddng xuy\u00ean cung c\u1ea5p b\u1ea3o v\u1ec7 hi\u1ec7u qu\u1ea3 trong qu\u00e1 tr\u00ecnh thay th\u1ebf r\u0103ng, \u0111\u1ea3m b\u1ea3o s\u1ee9c kh\u1ecfe c\u1ee7a r\u0103ng v\u0129nh vi\u1ec5n.\u2013 V\u1edbi florua<\/div>\n<div dir=\"auto\">V\u1edbi h\u01b0\u01a1ng v\u1ecb b\u1ea1c h\u00e0 nh\u1eb9<\/div>\n<div dir=\"auto\">B\u1ea3o v\u1ec7 hi\u1ec7u qu\u1ea3 ch\u1ed1ng s\u00e2u r\u0103ng<\/div>\n","protected":false},"excerpt":{"rendered":"<p>Dung t\u00edch: 100 ml\\Kem \u0110\u00e1nh R\u0103ng Dontodent Junior Cho Tr\u1ebb Tr\u00ean 6 Tu\u1ed5i, 100 mlKem \u0111\u00e1nh r\u0103ng DONTODENT Junior 6+ \u0111\u01b0\u1ee3c ph\u00e1t tri\u1ec3n \u0111\u1eb7c bi\u1ec7t cho tr\u1ebb em 6 tu\u1ed5i tr\u1edf l\u00ean. H\u00e0m l\u01b0\u1ee3ng florua th\u00edch h\u1ee3p v\u1edbi \u0111\u1ed9 tu\u1ed5i &hellip; <a href=\"https:\/\/sansanhouse.com\/index.php\/product\/kem-danh-rang-dontodent-junior-cho-tre-tren-6-tuoi\/\">Readmore<\/a><\/p>\n","protected":false},"featured_media":7193,"comment_status":"open","ping_status":"closed","template":"","meta":[],"product_cat":[168],"product_tag":[80],"_links":{"self":[{"href":"https:\/\/sansanhouse.com\/index.php\/wp-json\/wp\/v2\/product\/7192"}],"collection":[{"href":"https:\/\/sansanhouse.com\/index.php\/wp-json\/wp\/v2\/product"}],"about":[{"href":"https:\/\/sansanhouse.com\/index.php\/wp-json\/wp\/v2\/types\/product"}],"replies":[{"embeddable":true,"href":"https:\/\/sansanhouse.com\/index.php\/wp-json\/wp\/v2\/comments?post=7192"}],"wp:featuredmedia":[{"embeddable":true,"href":"https:\/\/sansanhouse.com\/index.php\/wp-json\/wp\/v2\/media\/7193"}],"wp:attachment":[{"href":"https:\/\/sansanhouse.com\/index.php\/wp-json\/wp\/v2\/media?parent=7192"}],"wp:term":[{"taxonomy":"product_cat","embeddable":true,"href":"https:\/\/sansanhouse.com\/index.php\/wp-json\/wp\/v2\/product_cat?post=7192"},{"taxonomy":"product_tag","embeddable":true,"href":"https:\/\/sansanhouse.com\/index.php\/wp-json\/wp\/v2\/product_tag?post=7192"}],"curies":[{"name":"wp","href":"https:\/\/api.w.org\/{rel}","templated":true}]}}