{"id":7194,"date":"2021-12-04T15:43:45","date_gmt":"2021-12-04T08:43:45","guid":{"rendered":"https:\/\/sansanhouse.com\/?post_type=product&#038;p=7194"},"modified":"2021-12-11T09:38:26","modified_gmt":"2021-12-11T02:38:26","slug":"khan-lau-da-nang","status":"publish","type":"product","link":"https:\/\/sansanhouse.com\/index.php\/product\/khan-lau-da-nang\/","title":{"rendered":"Kh\u0103n Lau \u0110a n\u0103ng"},"content":{"rendered":"<div dir=\"auto\">N\u1ed9i \u0111\u1ecba \u0110\u1ee9c<\/div>\n<div dir=\"auto\">Profissimo 5 mi\u1ebfng<\/div>\n<div dir=\"auto\">Vileda 8 mi\u1ebfng<\/div>\n","protected":false},"excerpt":{"rendered":"<p>N\u1ed9i \u0111\u1ecba \u0110\u1ee9c Profissimo 5 mi\u1ebfng Vileda 8 mi\u1ebfng<\/p>\n","protected":false},"featured_media":7196,"comment_status":"open","ping_status":"closed","template":"","meta":[],"product_cat":[167],"product_tag":[80],"_links":{"self":[{"href":"https:\/\/sansanhouse.com\/index.php\/wp-json\/wp\/v2\/product\/7194"}],"collection":[{"href":"https:\/\/sansanhouse.com\/index.php\/wp-json\/wp\/v2\/product"}],"about":[{"href":"https:\/\/sansanhouse.com\/index.php\/wp-json\/wp\/v2\/types\/product"}],"replies":[{"embeddable":true,"href":"https:\/\/sansanhouse.com\/index.php\/wp-json\/wp\/v2\/comments?post=7194"}],"wp:featuredmedia":[{"embeddable":true,"href":"https:\/\/sansanhouse.com\/index.php\/wp-json\/wp\/v2\/media\/7196"}],"wp:attachment":[{"href":"https:\/\/sansanhouse.com\/index.php\/wp-json\/wp\/v2\/media?parent=7194"}],"wp:term":[{"taxonomy":"product_cat","embeddable":true,"href":"https:\/\/sansanhouse.com\/index.php\/wp-json\/wp\/v2\/product_cat?post=7194"},{"taxonomy":"product_tag","embeddable":true,"href":"https:\/\/sansanhouse.com\/index.php\/wp-json\/wp\/v2\/product_tag?post=7194"}],"curies":[{"name":"wp","href":"https:\/\/api.w.org\/{rel}","templated":true}]}}