{"id":7204,"date":"2021-12-04T15:49:23","date_gmt":"2021-12-04T08:49:23","guid":{"rendered":"https:\/\/sansanhouse.com\/?post_type=product&#038;p=7204"},"modified":"2021-12-11T09:43:37","modified_gmt":"2021-12-11T02:43:37","slug":"sua-tam-aveo-joghurt-aloe-vera","status":"publish","type":"product","link":"https:\/\/sansanhouse.com\/index.php\/product\/sua-tam-aveo-joghurt-aloe-vera\/","title":{"rendered":"S\u1eefa t\u1eafm AVEO Joghurt &#038; Aloe Vera"},"content":{"rendered":"<div dir=\"auto\">Dung t\u00edch : 300 ml<\/div>\n<div dir=\"auto\">S\u1eefa t\u1eafm d\u1ea1ng kem AVEO ch\u0103m s\u00f3c c\u01a1 th\u1ec3 v\u00e0 c\u00e1c gi\u00e1c quan v\u1edbi th\u00e0nh ph\u1ea7n h\u01b0\u01a1ng th\u01a1m t\u1eeb s\u1eefa chua v\u00e0 l\u00f4 h\u1ed9i.<\/div>\n<div dir=\"auto\">C\u00f4ng th\u1ee9c d\u1ecbu nh\u1eb9 v\u1edbi t\u1ef7 l\u1ec7 glycerine cao gi\u00fap l\u00e0m s\u1ea1ch v\u00e0 ch\u0103m s\u00f3c l\u00e0n da kh\u00f4 c\u1ee7a b\u1ea1n m\u1ed9t c\u00e1ch nh\u1eb9 nh\u00e0ng v\u00e0 nh\u1eb9 nh\u00e0ng.<\/div>\n<div dir=\"auto\">Kh\u1ea3 n\u0103ng t\u01b0\u01a1ng th\u00edch da \u0111\u00e3 \u0111\u01b0\u1ee3c ph\u00ea duy\u1ec7t v\u1ec1 m\u1eb7t da li\u1ec5u. Gi\u00e1 tr\u1ecb pH th\u00e2n thi\u1ec7n v\u1edbi da.<\/div>\n<div dir=\"auto\">Ch\u0103m s\u00f3c ch\u1ed1ng l\u00e3o h\u00f3a kh\u00f4ng<\/div>\n","protected":false},"excerpt":{"rendered":"<p>Dung t\u00edch : 300 ml S\u1eefa t\u1eafm d\u1ea1ng kem AVEO ch\u0103m s\u00f3c c\u01a1 th\u1ec3 v\u00e0 c\u00e1c gi\u00e1c quan v\u1edbi th\u00e0nh ph\u1ea7n h\u01b0\u01a1ng th\u01a1m t\u1eeb s\u1eefa chua v\u00e0 l\u00f4 h\u1ed9i. C\u00f4ng th\u1ee9c d\u1ecbu nh\u1eb9 v\u1edbi t\u1ef7 l\u1ec7 glycerine cao gi\u00fap l\u00e0m &hellip; <a href=\"https:\/\/sansanhouse.com\/index.php\/product\/sua-tam-aveo-joghurt-aloe-vera\/\">Readmore<\/a><\/p>\n","protected":false},"featured_media":7205,"comment_status":"open","ping_status":"closed","template":"","meta":[],"product_cat":[168],"product_tag":[80],"_links":{"self":[{"href":"https:\/\/sansanhouse.com\/index.php\/wp-json\/wp\/v2\/product\/7204"}],"collection":[{"href":"https:\/\/sansanhouse.com\/index.php\/wp-json\/wp\/v2\/product"}],"about":[{"href":"https:\/\/sansanhouse.com\/index.php\/wp-json\/wp\/v2\/types\/product"}],"replies":[{"embeddable":true,"href":"https:\/\/sansanhouse.com\/index.php\/wp-json\/wp\/v2\/comments?post=7204"}],"wp:featuredmedia":[{"embeddable":true,"href":"https:\/\/sansanhouse.com\/index.php\/wp-json\/wp\/v2\/media\/7205"}],"wp:attachment":[{"href":"https:\/\/sansanhouse.com\/index.php\/wp-json\/wp\/v2\/media?parent=7204"}],"wp:term":[{"taxonomy":"product_cat","embeddable":true,"href":"https:\/\/sansanhouse.com\/index.php\/wp-json\/wp\/v2\/product_cat?post=7204"},{"taxonomy":"product_tag","embeddable":true,"href":"https:\/\/sansanhouse.com\/index.php\/wp-json\/wp\/v2\/product_tag?post=7204"}],"curies":[{"name":"wp","href":"https:\/\/api.w.org\/{rel}","templated":true}]}}