{"id":7226,"date":"2021-12-04T16:06:59","date_gmt":"2021-12-04T09:06:59","guid":{"rendered":"https:\/\/sansanhouse.com\/?post_type=product&#038;p=7226"},"modified":"2025-05-07T20:02:02","modified_gmt":"2025-05-07T13:02:02","slug":"bo-an-dam-beaba-beaba","status":"publish","type":"product","link":"https:\/\/sansanhouse.com\/index.php\/product\/bo-an-dam-beaba-beaba\/","title":{"rendered":"B\u1ed9 \u0103n d\u1eb7m Beaba B\u00c9ABA\u00ae"},"content":{"rendered":"<div class=\"o9v6fnle cxmmr5t8 oygrvhab hcukyx3x c1et5uql ii04i59q\">\n<div dir=\"auto\">T\u00ednh n\u0103ng \u0111\u1eb7c bi\u1ec7t: h\u1ed9p c\u00f3 th\u1ec3 x\u1ebfp ch\u1ed3ng l\u00ean nhau<\/div>\n<div dir=\"auto\">Khuy\u1ebfn ngh\u1ecb \u0111\u1ed9 tu\u1ed5i: t\u1eeb 4 th\u00e1ng<\/div>\n<\/div>\n<div class=\"o9v6fnle cxmmr5t8 oygrvhab hcukyx3x c1et5uql ii04i59q\">\n<div dir=\"auto\">L\u1ecd c\u00f3 th\u1ec3 x\u1ebfp ch\u1ed3ng l\u00ean nhau c\u00f3 n\u1eafp v\u00e0 k\u1eb9p \u1edf hai b\u00ean.<\/div>\n<\/div>\n<div class=\"o9v6fnle cxmmr5t8 oygrvhab hcukyx3x c1et5uql ii04i59q\">\n<div dir=\"auto\">B\u1ed9 \u0111\u1ed3 \u0103n 14 m\u00f3n c\u1ee7a Beaba g\u1ed3m 12 l\u1ecd \u0111\u1ef1ng v\u00e0 2 th\u00eca silicone.M\u1ed9t khu v\u1ef1c \u0111\u00e1nh d\u1ea5u tr\u00ean lon cho ph\u00e9p \u0111\u00e1nh d\u1ea5u vi\u1ec7c chu\u1ea9n b\u1ecb b\u1eb1ng m\u1ed9t \u0111i\u1ec3m \u0111\u00e1nh d\u1ea5u c\u00f3 th\u1ec3 d\u00f9ng m\u00e1y r\u1eeda b\u00e1t.<\/div>\n<div dir=\"auto\">C\u00e1c l\u1ecd l\u01b0u tr\u1eef c\u00f3 v\u1ea1ch d\u1ea5u l\u1ea5p \u0111\u1ea7y c\u00f3 th\u1ec3 nh\u00ecn th\u1ea5y \u0111\u01b0\u1ee3c t\u00ednh b\u1eb1ng ml v\u00e0 oz.<\/div>\n<div dir=\"auto\">B\u1ea3o qu\u1ea3n d\u1ec5 d\u00e0ng<\/div>\n<div dir=\"auto\">Nh\u1edd c\u00e1c h\u1ed9p c\u00f3 th\u1ec3 x\u1ebfp ch\u1ed3ng l\u00ean nhau c\u00f3 n\u1eafp v\u00e0 k\u1eb9p \u1edf hai b\u00ean, c\u1ea3 b\u1ed9 r\u1ea5t ti\u1ebft ki\u1ec7m kh\u00f4ng gian.<\/div>\n<div dir=\"auto\">C\u00f3 n\u1eafp \u0111\u1eadp k\u00edn v\u00e0 l\u01b0u tr\u1eef m\u00f9i th\u01a1m c\u1ee7a th\u1ee9c \u0103n.<\/div>\n<\/div>\n","protected":false},"excerpt":{"rendered":"<p>T\u00ednh n\u0103ng \u0111\u1eb7c bi\u1ec7t: h\u1ed9p c\u00f3 th\u1ec3 x\u1ebfp ch\u1ed3ng l\u00ean nhau Khuy\u1ebfn ngh\u1ecb \u0111\u1ed9 tu\u1ed5i: t\u1eeb 4 th\u00e1ng L\u1ecd c\u00f3 th\u1ec3 x\u1ebfp ch\u1ed3ng l\u00ean nhau c\u00f3 n\u1eafp v\u00e0 k\u1eb9p \u1edf hai b\u00ean. B\u1ed9 \u0111\u1ed3 \u0103n 14 m\u00f3n c\u1ee7a Beaba g\u1ed3m &hellip; <a href=\"https:\/\/sansanhouse.com\/index.php\/product\/bo-an-dam-beaba-beaba\/\">Readmore<\/a><\/p>\n","protected":false},"featured_media":7227,"comment_status":"open","ping_status":"closed","template":"","meta":[],"product_cat":[167],"product_tag":[80],"_links":{"self":[{"href":"https:\/\/sansanhouse.com\/index.php\/wp-json\/wp\/v2\/product\/7226"}],"collection":[{"href":"https:\/\/sansanhouse.com\/index.php\/wp-json\/wp\/v2\/product"}],"about":[{"href":"https:\/\/sansanhouse.com\/index.php\/wp-json\/wp\/v2\/types\/product"}],"replies":[{"embeddable":true,"href":"https:\/\/sansanhouse.com\/index.php\/wp-json\/wp\/v2\/comments?post=7226"}],"wp:featuredmedia":[{"embeddable":true,"href":"https:\/\/sansanhouse.com\/index.php\/wp-json\/wp\/v2\/media\/7227"}],"wp:attachment":[{"href":"https:\/\/sansanhouse.com\/index.php\/wp-json\/wp\/v2\/media?parent=7226"}],"wp:term":[{"taxonomy":"product_cat","embeddable":true,"href":"https:\/\/sansanhouse.com\/index.php\/wp-json\/wp\/v2\/product_cat?post=7226"},{"taxonomy":"product_tag","embeddable":true,"href":"https:\/\/sansanhouse.com\/index.php\/wp-json\/wp\/v2\/product_tag?post=7226"}],"curies":[{"name":"wp","href":"https:\/\/api.w.org\/{rel}","templated":true}]}}