{"id":7228,"date":"2021-12-04T16:08:49","date_gmt":"2021-12-04T09:08:49","guid":{"rendered":"https:\/\/sansanhouse.com\/?post_type=product&#038;p=7228"},"modified":"2021-12-22T10:17:36","modified_gmt":"2021-12-22T03:17:36","slug":"nuk-set-an-dam-cho-be-tu-6-thang","status":"publish","type":"product","link":"https:\/\/sansanhouse.com\/index.php\/product\/nuk-set-an-dam-cho-be-tu-6-thang\/","title":{"rendered":"Set \u0103n d\u1eb7m cho b\u00e9 t\u1eeb 6 th\u00e1ng."},"content":{"rendered":"<div class=\"o9v6fnle cxmmr5t8 oygrvhab hcukyx3x c1et5uql ii04i59q\">\n<div dir=\"auto\">B\u1ed9 xay nhuy\u1ec5n, khu\u00f4n l\u00e0m kem, khu\u00f4n \u0111\u00f4ng l\u1ea1nh, h\u1ed9p \u0111\u1ef1ng \u0111\u1ed3 t\u01b0\u01a1i v\u00e0 2 th\u00eca \u0103n<\/div>\n<div dir=\"auto\">B\u1ed9 ho\u00e0n ch\u1ec9nh cho c\u00e1c b\u1eefa \u0103n c\u1ee7a b\u00e9, \u1edf nh\u00e0 ho\u1eb7c khi di chuy\u1ec3n<\/div>\n<div dir=\"auto\">Bao g\u1ed3m:<\/div>\n<div dir=\"auto\">1x b\u1ed9 xay nhuy\u1ec5n NUK Fresh Foods, b\u00e1t v\u00e0 dao tr\u1ed9n, \u0111\u1ec3 xay nhuy\u1ec5n rau ho\u1eb7c tr\u00e1i c\u00e2y, l\u00fd t\u01b0\u1edfng khi di chuy\u1ec3n<\/div>\n<div dir=\"auto\">1x khu\u00f4n kem NUK Fresh Foods<\/div>\n<div dir=\"auto\">4 khu\u00f4n \u0111\u1ec3 \u0111\u00f4ng l\u1ea1nh tr\u00e1i c\u00e2y ho\u1eb7c s\u1eefa chua, c\u00f3 th\u1ec3 s\u1eed d\u1ee5ng ri\u00eang l\u1ebb<\/div>\n<div dir=\"auto\">1x NUK Fresh Foods d\u1ea1ng t\u1ee7 \u0111\u00f4ng, \u0111\u1ec3 \u0111\u00f4ng l\u1ea1nh th\u1ef1c ph\u1ea9m tr\u1ebb em, 1 khung ph\u1ea7n 60 ml, c\u00f3 th\u1ec3 r\u00e3 \u0111\u00f4ng ri\u00eang<\/div>\n<div dir=\"auto\">1 h\u1ed9p \u0111\u1ef1ng th\u1ef1c ph\u1ea9m t\u01b0\u01a1i NUK Fresh Foods, \u0111\u1ec3 l\u01b0u tr\u1eef th\u1ee9c \u0103n cho tr\u1ebb nh\u1ecf, c\u00f3 th\u1ec3 x\u1ebfp ch\u1ed3ng l\u00ean nhau v\u00e0 ti\u1ebft ki\u1ec7m kh\u00f4ng gian, v\u1edbi3 k\u00edch c\u1ee1: 65 ml, 75 ml v\u00e0 85 ml, cho t\u1ee7 l\u1ea1nh ho\u1eb7c t\u1ee7 \u0111\u00f4ng<\/div>\n<div dir=\"auto\">2x th\u00eca \u0103n NUK Easy Learning, c\u00e1c c\u1ea1nh tr\u00f2n, tay c\u1ea7m d\u00e0i ch\u1ed1ng tr\u01b0\u1ee3t<\/div>\n<\/div>\n<div class=\"o9v6fnle cxmmr5t8 oygrvhab hcukyx3x c1et5uql ii04i59q\">\n<div dir=\"auto\">H\u00e0ng Nuk l\u00e0 kh\u1ecfi b\u00e0n nh\u00e9, h\u00e0ng nh\u1eadp kh\u1ea9u tr\u1ef1c ti\u1ebfp t\u1eeb Germany<\/div>\n<\/div>\n","protected":false},"excerpt":{"rendered":"<p>B\u1ed9 xay nhuy\u1ec5n, khu\u00f4n l\u00e0m kem, khu\u00f4n \u0111\u00f4ng l\u1ea1nh, h\u1ed9p \u0111\u1ef1ng \u0111\u1ed3 t\u01b0\u01a1i v\u00e0 2 th\u00eca \u0103n B\u1ed9 ho\u00e0n ch\u1ec9nh cho c\u00e1c b\u1eefa \u0103n c\u1ee7a b\u00e9, \u1edf nh\u00e0 ho\u1eb7c khi di chuy\u1ec3n Bao g\u1ed3m: 1x b\u1ed9 xay nhuy\u1ec5n NUK Fresh &hellip; <a href=\"https:\/\/sansanhouse.com\/index.php\/product\/nuk-set-an-dam-cho-be-tu-6-thang\/\">Readmore<\/a><\/p>\n","protected":false},"featured_media":7229,"comment_status":"open","ping_status":"closed","template":"","meta":[],"product_cat":[168,167],"product_tag":[80],"_links":{"self":[{"href":"https:\/\/sansanhouse.com\/index.php\/wp-json\/wp\/v2\/product\/7228"}],"collection":[{"href":"https:\/\/sansanhouse.com\/index.php\/wp-json\/wp\/v2\/product"}],"about":[{"href":"https:\/\/sansanhouse.com\/index.php\/wp-json\/wp\/v2\/types\/product"}],"replies":[{"embeddable":true,"href":"https:\/\/sansanhouse.com\/index.php\/wp-json\/wp\/v2\/comments?post=7228"}],"wp:featuredmedia":[{"embeddable":true,"href":"https:\/\/sansanhouse.com\/index.php\/wp-json\/wp\/v2\/media\/7229"}],"wp:attachment":[{"href":"https:\/\/sansanhouse.com\/index.php\/wp-json\/wp\/v2\/media?parent=7228"}],"wp:term":[{"taxonomy":"product_cat","embeddable":true,"href":"https:\/\/sansanhouse.com\/index.php\/wp-json\/wp\/v2\/product_cat?post=7228"},{"taxonomy":"product_tag","embeddable":true,"href":"https:\/\/sansanhouse.com\/index.php\/wp-json\/wp\/v2\/product_tag?post=7228"}],"curies":[{"name":"wp","href":"https:\/\/api.w.org\/{rel}","templated":true}]}}