{"id":7250,"date":"2021-12-04T16:27:54","date_gmt":"2021-12-04T09:27:54","guid":{"rendered":"https:\/\/sansanhouse.com\/?post_type=product&#038;p=7250"},"modified":"2023-04-21T11:15:45","modified_gmt":"2023-04-21T04:15:45","slug":"cao-mo-ngua-enzborn","status":"publish","type":"product","link":"https:\/\/sansanhouse.com\/index.php\/product\/cao-mo-ngua-enzborn\/","title":{"rendered":"Cao ng\u1ef1a Enzborn"},"content":{"rendered":"<div class=\"o9v6fnle cxmmr5t8 oygrvhab hcukyx3x c1et5uql ii04i59q\">\n<div dir=\"auto\">Cao m\u1ee1 ng\u1ef1a ENZBORN\u00ae l\u00e0 s\u1ef1 tr\u1ee3 gi\u00fap nhanh ch\u00f3ng cho c\u00e1c v\u1ea5n \u0111\u1ec1 v\u1ec1 c\u01a1 v\u00e0 g\u00e2n, \u0111au c\u01a1 v\u00e0 b\u1ea7m t\u00edm.<\/div>\n<div dir=\"auto\">L\u00e0m m\u00e1t nh\u1eb9 nh\u00e0ng ngay l\u1eadp t\u1ee9c, gi\u1ea3m \u0111au v\u00e0 th\u01b0 gi\u00e3n.<\/div>\n<div dir=\"auto\">Cao m\u1ee1 ng\u1ef1a ENZBORN\u00ae c\u0169ng l\u00fd t\u01b0\u1edfng \u0111\u1ec3 m\u00e1t-xa k\u00edch th\u00edch l\u01b0u th\u00f4ng m\u00e1u.<\/div>\n<div dir=\"auto\">Kh\u1ea3 n\u0103ng ch\u1ecbu \u0111\u1ef1ng c\u1ee7a da \u0111\u01b0\u1ee3c ki\u1ec3m tra da li\u1ec5u.<\/div>\n<div dir=\"auto\">Cao m\u1ee1 \u0111\u01b0\u1ee3c h\u1ea5p th\u1ee5 nhanh ch\u00f3ng m\u00e0 kh\u00f4ng g\u00e2y d\u00ednh.<\/div>\n<\/div>\n<div class=\"o9v6fnle cxmmr5t8 oygrvhab hcukyx3x c1et5uql ii04i59q\">\n<div dir=\"auto\">gel l\u00e0m m\u00e1t gi\u1ea3m \u0111au<\/div>\n<div dir=\"auto\">m\u00e1t v\u00e0 gi\u1ea3m \u0111au \u1edf c\u00e1c c\u01a1 b\u1ecb c\u0103ng th\u1eb3ng<\/div>\n<div dir=\"auto\"><\/div>\n<\/div>\n<div class=\"o9v6fnle cxmmr5t8 oygrvhab hcukyx3x c1et5uql ii04i59q\">\n<div dir=\"auto\">C\u00e1ch s\u1eed d\u1ee5ng:<\/div>\n<div dir=\"auto\">B\u00f4i m\u1ed9t l\u01b0\u1ee3ng b\u1eb1ng h\u1ea1t ph\u1ec9 (5 ml) v\u00e0o ph\u1ea7n b\u1ecb \u1ea3nh h\u01b0\u1edfng c\u1ee7a c\u01a1 th\u1ec3 v\u00e0i l\u1ea7n m\u1ed9t ng\u00e0y.<\/div>\n<div dir=\"auto\">S\u1eed d\u1ee5ng s\u1ea3n ph\u1ea9m cho \u0111\u1ebfn khi c\u00e1c tri\u1ec7u ch\u1ee9ng thuy\u00ean gi\u1ea3m, nh\u01b0ng kh\u00f4ng qu\u00e1 30 ng\u00e0y m\u00e0 kh\u00f4ng b\u1ecb gi\u00e1n \u0111o\u1ea1n. \u0110\u00f3ng lon sau m\u1ed7i l\u1ea7n s\u1eed d\u1ee5ng.<\/div>\n<\/div>\n<div class=\"o9v6fnle cxmmr5t8 oygrvhab hcukyx3x c1et5uql ii04i59q\">\n<div dir=\"auto\">Th\u00e0nh ph\u1ea7n:Aqua, Alcohol Denat., Glycerin, Carbomer, Camphor, Menthol, Aesculus Hippocastanum (Horse Chestnut), Seed Extract, Sodium Hydroxide, Disodium Edta, Arnica Montana Flower Extract, CI 42090, CI 19140, Esculin<\/div>\n<\/div>\n<div class=\"o9v6fnle cxmmr5t8 oygrvhab hcukyx3x c1et5uql ii04i59q\">\n<div dir=\"auto\"><\/div>\n<div dir=\"auto\">C\u1ea3nh b\u00e1o<\/div>\n<div dir=\"auto\">S\u1eed d\u1ee5ng ngo\u00e0i da.<\/div>\n<div dir=\"auto\">Ch\u1ec9 s\u1eed d\u1ee5ng cho tr\u1ebb em d\u01b0\u1edbi s\u1ef1 gi\u00e1m s\u00e1t v\u00e0 tr\u00e1nh xa t\u1ea7m tay c\u1ee7a tr\u1ebb em.<\/div>\n<\/div>\n<div class=\"o9v6fnle cxmmr5t8 oygrvhab hcukyx3x c1et5uql ii04i59q\">\n<div dir=\"auto\">Kh\u00f4ng ti\u1ebfp t\u1ee5c s\u1eed d\u1ee5ng s\u1ea3n ph\u1ea9m trong tr\u01b0\u1eddng h\u1ee3p c\u00f3 t\u00e1c d\u1ee5ng kh\u00f4ng mong mu\u1ed1n.<\/div>\n<div dir=\"auto\">N\u1ebfu c\u00e1c tri\u1ec7u ch\u1ee9ng v\u1eabn ti\u1ebfp t\u1ee5c, h\u00e3y li\u00ean h\u1ec7 v\u1edbi b\u00e1c s\u0129.<\/div>\n<div dir=\"auto\">T\u1ea5t c\u1ea3 c\u00e1c s\u1ef1 c\u1ed1 nghi\u00eam tr\u1ecdng \u0111\u00e3 x\u1ea3y ra li\u00ean quan \u0111\u1ebfn s\u1ea3n ph\u1ea9m n\u00e0y ph\u1ea3i \u0111\u01b0\u1ee3c b\u00e1o c\u00e1o cho nh\u00e0 s\u1ea3n xu\u1ea5t v\u00e0 c\u01a1 quan c\u00f3 th\u1ea9m quy\u1ec1n.<\/div>\n<div dir=\"auto\">Ch\u1ed1ng ch\u1ec9 \u0111\u1ecbnh: Ch\u1ec9 s\u1eed d\u1ee5ng tr\u00ean v\u00f9ng da kh\u00f4ng b\u0103ng k\u00edn v\u00e0 v\u1ebft th\u01b0\u01a1ng h\u1edf.<\/div>\n<div dir=\"auto\">Tr\u00e1nh ti\u1ebfp x\u00fac v\u1edbi m\u1eaft v\u00e0 m\u00e0ng nh\u1ea7y.<\/div>\n<div dir=\"auto\">Kh\u00f4ng d\u00f9ng cho tr\u01b0\u1eddng h\u1ee3p m\u1eabn c\u1ea3m v\u1edbi b\u1ea5t k\u1ef3 th\u00e0nh ph\u1ea7n n\u00e0o c\u1ee7a thu\u1ed1c ho\u1eb7c \u1edf tr\u1ebb s\u01a1 sinh v\u00e0 tr\u1ebb nh\u1ecf d\u01b0\u1edbi 6 tu\u1ed5i.<\/div>\n<div dir=\"auto\">Kh\u00f4ng d\u00f9ng cho b\u00e0 m\u1eb9 \u0111ang cho con b\u00fa, \u0111ang cho con b\u00fa.<\/div>\n<div dir=\"auto\">Vui l\u00f2ng b\u1ea3o qu\u1ea3n d\u01b0\u1edbi 30 \u00b0 C<\/div>\n<\/div>\n","protected":false},"excerpt":{"rendered":"<p>Cao m\u1ee1 ng\u1ef1a ENZBORN\u00ae l\u00e0 s\u1ef1 tr\u1ee3 gi\u00fap nhanh ch\u00f3ng cho c\u00e1c v\u1ea5n \u0111\u1ec1 v\u1ec1 c\u01a1 v\u00e0 g\u00e2n, \u0111au c\u01a1 v\u00e0 b\u1ea7m t\u00edm. L\u00e0m m\u00e1t nh\u1eb9 nh\u00e0ng ngay l\u1eadp t\u1ee9c, gi\u1ea3m \u0111au v\u00e0 th\u01b0 gi\u00e3n. Cao m\u1ee1 ng\u1ef1a ENZBORN\u00ae c\u0169ng &hellip; <a href=\"https:\/\/sansanhouse.com\/index.php\/product\/cao-mo-ngua-enzborn\/\">Readmore<\/a><\/p>\n","protected":false},"featured_media":7253,"comment_status":"open","ping_status":"closed","template":"","meta":[],"product_cat":[168],"product_tag":[],"_links":{"self":[{"href":"https:\/\/sansanhouse.com\/index.php\/wp-json\/wp\/v2\/product\/7250"}],"collection":[{"href":"https:\/\/sansanhouse.com\/index.php\/wp-json\/wp\/v2\/product"}],"about":[{"href":"https:\/\/sansanhouse.com\/index.php\/wp-json\/wp\/v2\/types\/product"}],"replies":[{"embeddable":true,"href":"https:\/\/sansanhouse.com\/index.php\/wp-json\/wp\/v2\/comments?post=7250"}],"wp:featuredmedia":[{"embeddable":true,"href":"https:\/\/sansanhouse.com\/index.php\/wp-json\/wp\/v2\/media\/7253"}],"wp:attachment":[{"href":"https:\/\/sansanhouse.com\/index.php\/wp-json\/wp\/v2\/media?parent=7250"}],"wp:term":[{"taxonomy":"product_cat","embeddable":true,"href":"https:\/\/sansanhouse.com\/index.php\/wp-json\/wp\/v2\/product_cat?post=7250"},{"taxonomy":"product_tag","embeddable":true,"href":"https:\/\/sansanhouse.com\/index.php\/wp-json\/wp\/v2\/product_tag?post=7250"}],"curies":[{"name":"wp","href":"https:\/\/api.w.org\/{rel}","templated":true}]}}