{"id":7284,"date":"2021-12-04T17:10:07","date_gmt":"2021-12-04T10:10:07","guid":{"rendered":"https:\/\/sansanhouse.com\/?post_type=product&#038;p=7284"},"modified":"2023-04-21T11:25:59","modified_gmt":"2023-04-21T04:25:59","slug":"nuoc-rua-tay-theo-chuan-y-te-tai-duc-isana","status":"publish","type":"product","link":"https:\/\/sansanhouse.com\/index.php\/product\/nuoc-rua-tay-theo-chuan-y-te-tai-duc-isana\/","title":{"rendered":"N\u01b0\u1edbc r\u1eeda tay y t\u1ebf \u0110\u1ee9c &#8211; Isana"},"content":{"rendered":"<div class=\"o9v6fnle cxmmr5t8 oygrvhab hcukyx3x c1et5uql ii04i59q\">\n<div dir=\"auto\">ISANA Doctor&#8217;s Soap Sensitive \u0111\u00e3 \u0111\u01b0\u1ee3c ph\u00e1t tri\u1ec3n d\u00e0nh cho nh\u1eefng b\u00e0n tay c\u1ee7a y b\u00e1c s\u0129. Vi\u1ec7c r\u1eeda tay th\u01b0\u1eddng xuy\u00ean \u0111\u1eb7c bi\u1ec7t g\u00e2y kh\u00f4 cho da.<\/div>\n<div dir=\"auto\">C\u00f4ng th\u1ee9c \u0111\u1eb7c bi\u1ec7t th\u00e2n thi\u1ec7n v\u1edbi da, kh\u00f4ng ch\u1ee9a thu\u1ed1c nhu\u1ed9m c\u1ee7a x\u00e0 ph\u00f2ng b\u00e1c s\u0129 ISANA ch\u1ee9a t\u1ef7 l\u1ec7 ph\u1ee5 gia ch\u0103m s\u00f3c v\u00e0 b\u1ed5 sung lipid tr\u00ean m\u1ee9c trung b\u00ecnh, ch\u1eb3ng h\u1ea1n nh\u01b0 protein l\u00faa m\u00ec ch\u1ea5t l\u01b0\u1ee3ng cao.<\/div>\n<div dir=\"auto\"><\/div>\n<div dir=\"auto\">Gi\u00e1 tr\u1ecb pH trung t\u00ednh v\u1edbi da duy tr\u00ec l\u1edbp axit b\u1ea3o v\u1ec7 c\u1ee7a da. Hi\u1ec7u qu\u1ea3 kh\u00e1ng khu\u1ea9n d\u1ef1a tr\u00ean Farnesol gi\u1ed1ng h\u1ec7t b\u1ea3n ch\u1ea5t \u0111\u01b0\u1ee3c s\u1eed d\u1ee5ng.<\/div>\n<\/div>\n<div class=\"o9v6fnle cxmmr5t8 oygrvhab hcukyx3x c1et5uql ii04i59q\">\n<div dir=\"auto\">cho l\u00e0n da kh\u00f4<\/div>\n<div dir=\"auto\">t\u00e1c d\u1ee5ng kh\u00e1ng khu\u1ea9n<\/div>\n<div dir=\"auto\">d\u01b0\u1ee1ng \u1ea9m m\u1ea1nh m\u1ebd<\/div>\n<div dir=\"auto\">pH th\u00e2n thi\u1ec7n v\u1edbi da<\/div>\n<div dir=\"auto\">Kh\u1ea3 n\u0103ng t\u01b0\u01a1ng th\u00edch da \u0111\u00e3 \u0111\u01b0\u1ee3c ph\u00ea duy\u1ec7t v\u1ec1 m\u1eb7t da li\u1ec5u<\/div>\n<div dir=\"auto\">c\u00f4ng th\u1ee9c n\u00e0y ho\u00e0n to\u00e0n kh\u00f4ng ch\u1ee9a vi nh\u1ef1a<\/div>\n<\/div>\n","protected":false},"excerpt":{"rendered":"<p>ISANA Doctor&#8217;s Soap Sensitive \u0111\u00e3 \u0111\u01b0\u1ee3c ph\u00e1t tri\u1ec3n d\u00e0nh cho nh\u1eefng b\u00e0n tay c\u1ee7a y b\u00e1c s\u0129. Vi\u1ec7c r\u1eeda tay th\u01b0\u1eddng xuy\u00ean \u0111\u1eb7c bi\u1ec7t g\u00e2y kh\u00f4 cho da. C\u00f4ng th\u1ee9c \u0111\u1eb7c bi\u1ec7t th\u00e2n thi\u1ec7n v\u1edbi da, kh\u00f4ng ch\u1ee9a thu\u1ed1c nhu\u1ed9m &hellip; <a href=\"https:\/\/sansanhouse.com\/index.php\/product\/nuoc-rua-tay-theo-chuan-y-te-tai-duc-isana\/\">Readmore<\/a><\/p>\n","protected":false},"featured_media":7287,"comment_status":"open","ping_status":"closed","template":"","meta":[],"product_cat":[168],"product_tag":[80],"_links":{"self":[{"href":"https:\/\/sansanhouse.com\/index.php\/wp-json\/wp\/v2\/product\/7284"}],"collection":[{"href":"https:\/\/sansanhouse.com\/index.php\/wp-json\/wp\/v2\/product"}],"about":[{"href":"https:\/\/sansanhouse.com\/index.php\/wp-json\/wp\/v2\/types\/product"}],"replies":[{"embeddable":true,"href":"https:\/\/sansanhouse.com\/index.php\/wp-json\/wp\/v2\/comments?post=7284"}],"wp:featuredmedia":[{"embeddable":true,"href":"https:\/\/sansanhouse.com\/index.php\/wp-json\/wp\/v2\/media\/7287"}],"wp:attachment":[{"href":"https:\/\/sansanhouse.com\/index.php\/wp-json\/wp\/v2\/media?parent=7284"}],"wp:term":[{"taxonomy":"product_cat","embeddable":true,"href":"https:\/\/sansanhouse.com\/index.php\/wp-json\/wp\/v2\/product_cat?post=7284"},{"taxonomy":"product_tag","embeddable":true,"href":"https:\/\/sansanhouse.com\/index.php\/wp-json\/wp\/v2\/product_tag?post=7284"}],"curies":[{"name":"wp","href":"https:\/\/api.w.org\/{rel}","templated":true}]}}