{"id":7302,"date":"2021-12-05T11:29:49","date_gmt":"2021-12-05T04:29:49","guid":{"rendered":"https:\/\/sansanhouse.com\/?post_type=product&#038;p=7302"},"modified":"2021-12-22T10:05:33","modified_gmt":"2021-12-22T03:05:33","slug":"cay-rua-binh-cao-cap-babylove","status":"publish","type":"product","link":"https:\/\/sansanhouse.com\/index.php\/product\/cay-rua-binh-cao-cap-babylove\/","title":{"rendered":"C\u00e2y r\u1eeda b\u00ecnh Babylove"},"content":{"rendered":"<div class=\"o9v6fnle cxmmr5t8 oygrvhab hcukyx3x c1et5uql ii04i59q\">\n<div dir=\"auto\">s\u1ea1ch ho\u00e0n to\u00e0n b\u00ecnh s\u1eefa tr\u1ebb em<\/div>\n<div dir=\"auto\">l\u00e0m s\u1ea1ch tri\u1ec7t \u0111\u1ec3 m\u00e1y h\u00fat b\u1ee5i<\/div>\n<div dir=\"auto\">B\u00e0n ch\u1ea3i chai bao g\u1ed3m b\u00e0n ch\u1ea3i chai v\u00e0 n\u00fam v\u00fa<\/div>\n<div dir=\"auto\">B\u00e0n ch\u1ea3i chai v\u1edbi mi\u1ebfng b\u1ecdt bi\u1ec3n l\u00e0m s\u1ea1ch \u0111\u1ec3 l\u00e0m s\u1ea1ch \u0111\u00e1y chai m\u1ed9t c\u00e1ch nh\u1eb9 nh\u00e0ng h\u01a1n<\/div>\n<div dir=\"auto\"><\/div>\n<div dir=\"auto\">B\u00e0n ch\u1ea3i b\u00ecnh s\u1eefa babylove Premium v\u1edbi b\u00e0n ch\u1ea3i n\u00fam v\u00fa ri\u00eang bi\u1ec7t l\u00e0 s\u1ea3n ph\u1ea9m l\u00fd t\u01b0\u1edfng \u0111\u1ec3 l\u00e0m s\u1ea1ch ho\u00e0n to\u00e0n b\u00ecnh s\u1eefa v\u00e0 n\u00fam v\u00fa c\u1ee7a em b\u00e9. C\u00e1c s\u1ee3i l\u00f4ng m\u1ec1m d\u1ebbo v\u00e0 mi\u1ebfng b\u1ecdt bi\u1ec3n cho ph\u00e9p l\u00e0m s\u1ea1ch b\u00ecnh v\u00e0 n\u00fam v\u00fa m\u1ed9t c\u00e1ch k\u1ef9 l\u01b0\u1ee1ng. \u0110\u01b0\u1ee3c l\u00e0m t\u1eeb c\u00e1c v\u1eadt li\u1ec7u \u0111\u00e3 qua ki\u1ec3m tra k\u1ef9 l\u01b0\u1ee1ng.<\/div>\n<\/div>\n<div class=\"o9v6fnle cxmmr5t8 oygrvhab hcukyx3x c1et5uql ii04i59q\">\n<div dir=\"auto\">Bao b\u00ec ch\u1ee9a \u00edt nh\u1ea5t 70% n\u1ed9i dung t\u00e1i ch\u1ebf.<\/div>\n<div dir=\"auto\"><\/div>\n<\/div>\n<div class=\"o9v6fnle cxmmr5t8 oygrvhab hcukyx3x c1et5uql ii04i59q\">\n<div dir=\"auto\">V\u00cc S\u1ef0 AN TO\u00c0N V\u00c0 S\u1ee8C KH\u1eceE C\u1ee6A CON B\u1ea0N &#8211; CH\u00da \u00dd!<\/div>\n<div dir=\"auto\">Ki\u1ec3m tra b\u00ecnh s\u1eefa v\u00e0 b\u00e0n ch\u1ea3i n\u00fam v\u00fa tr\u01b0\u1edbc m\u1ed7i l\u1ea7n s\u1eed d\u1ee5ng &#8211; l\u00f4ng b\u00e0n ch\u1ea3i b\u1ecb l\u1ed7i c\u00f3 th\u1ec3 l\u00e0m h\u1ecfng n\u00fam v\u00fa.<\/div>\n<\/div>\n<div class=\"o9v6fnle cxmmr5t8 oygrvhab hcukyx3x c1et5uql ii04i59q\">\n<div dir=\"auto\">V\u1ec6 SINHTr\u01b0\u1edbc l\u1ea7n s\u1eed d\u1ee5ng \u0111\u1ea7u ti\u00ean v\u00e0 sau m\u1ed7i l\u1ea7n s\u1eed d\u1ee5ng, r\u1eeda c\u1ea3 hai b\u00e0n ch\u1ea3i trong n\u01b0\u1edbc \u1ea5m v\u1edbi n\u01b0\u1edbc gi\u1eb7t v\u00e0 r\u1eeda k\u1ef9 b\u1eb1ng n\u01b0\u1edbc s\u1ea1ch.<\/div>\n<div dir=\"auto\">Kh\u00f4ng \u0111un s\u00f4i b\u00e0n ch\u1ea3i v\u00e0 kh\u00f4ng cho v\u00e0o m\u00e1y r\u1eeda b\u00e1t.<\/div>\n<div dir=\"auto\"><\/div>\n<div dir=\"auto\">\u0110\u1ec3 c\u1ecd kh\u00f4 \u1edf n\u01a1i tho\u00e1ng kh\u00ed.<\/div>\n<div dir=\"auto\">C\u00e1c l\u00f4ng m\u1ec1m, c\u1ee9ng v\u1edbi l\u00f4ng v\u00e0 &#8216;b\u1ec1 m\u1eb7t m\u1ec1m d\u1ebbo c\u1ee7a b\u00e0n ch\u1ea3i b\u00ecnh s\u1eefa \u0111\u1ea3m b\u1ea3o lo\u1ea1i b\u1ecf ho\u00e0n to\u00e0n c\u1eb7n th\u1ee9c \u0103n.<\/div>\n<div dir=\"auto\">B\u00e0n ch\u1ea3i n\u00fam l\u00e0m s\u1ea1ch c\u00e1c b\u1ed9 ph\u1eadn nh\u1ecf v\u00e0 n\u00fam v\u00fa \u0111\u01b0\u1ee3c t\u00edch h\u1ee3p trong tay c\u1ea7m c\u1ee7a b\u00e0n ch\u1ea3i b\u00ecnh s\u1eefa.<\/div>\n<div dir=\"auto\">L\u1ed7 tho\u00e1t kh\u00ed tr\u00ean tay c\u1ea7m c\u1ee7a ch\u1ed5i qu\u00e9t chai \u0111\u1ea3m b\u1ea3o ch\u1ed5i h\u00fat ch\u00e2n kh\u00f4ng kh\u00f4 nhanh ch\u00f3ng.<\/div>\n<\/div>\n","protected":false},"excerpt":{"rendered":"<p>s\u1ea1ch ho\u00e0n to\u00e0n b\u00ecnh s\u1eefa tr\u1ebb em l\u00e0m s\u1ea1ch tri\u1ec7t \u0111\u1ec3 m\u00e1y h\u00fat b\u1ee5i B\u00e0n ch\u1ea3i chai bao g\u1ed3m b\u00e0n ch\u1ea3i chai v\u00e0 n\u00fam v\u00fa B\u00e0n ch\u1ea3i chai v\u1edbi mi\u1ebfng b\u1ecdt bi\u1ec3n l\u00e0m s\u1ea1ch \u0111\u1ec3 l\u00e0m s\u1ea1ch \u0111\u00e1y chai m\u1ed9t &hellip; <a href=\"https:\/\/sansanhouse.com\/index.php\/product\/cay-rua-binh-cao-cap-babylove\/\">Readmore<\/a><\/p>\n","protected":false},"featured_media":7303,"comment_status":"open","ping_status":"closed","template":"","meta":[],"product_cat":[168],"product_tag":[80],"_links":{"self":[{"href":"https:\/\/sansanhouse.com\/index.php\/wp-json\/wp\/v2\/product\/7302"}],"collection":[{"href":"https:\/\/sansanhouse.com\/index.php\/wp-json\/wp\/v2\/product"}],"about":[{"href":"https:\/\/sansanhouse.com\/index.php\/wp-json\/wp\/v2\/types\/product"}],"replies":[{"embeddable":true,"href":"https:\/\/sansanhouse.com\/index.php\/wp-json\/wp\/v2\/comments?post=7302"}],"wp:featuredmedia":[{"embeddable":true,"href":"https:\/\/sansanhouse.com\/index.php\/wp-json\/wp\/v2\/media\/7303"}],"wp:attachment":[{"href":"https:\/\/sansanhouse.com\/index.php\/wp-json\/wp\/v2\/media?parent=7302"}],"wp:term":[{"taxonomy":"product_cat","embeddable":true,"href":"https:\/\/sansanhouse.com\/index.php\/wp-json\/wp\/v2\/product_cat?post=7302"},{"taxonomy":"product_tag","embeddable":true,"href":"https:\/\/sansanhouse.com\/index.php\/wp-json\/wp\/v2\/product_tag?post=7302"}],"curies":[{"name":"wp","href":"https:\/\/api.w.org\/{rel}","templated":true}]}}