{"id":7306,"date":"2021-12-05T11:40:45","date_gmt":"2021-12-05T04:40:45","guid":{"rendered":"https:\/\/sansanhouse.com\/?post_type=product&#038;p=7306"},"modified":"2025-07-13T17:57:46","modified_gmt":"2025-07-13T10:57:46","slug":"muong-cho-tre-4-thang","status":"publish","type":"product","link":"https:\/\/sansanhouse.com\/index.php\/product\/muong-cho-tre-4-thang\/","title":{"rendered":"Mu\u1ed7ng cho tr\u1ebb 4 th\u00e1ng"},"content":{"rendered":"<div class=\"o9v6fnle cxmmr5t8 oygrvhab hcukyx3x c1et5uql ii04i59q\">\n<div dir=\"auto\">Th\u00eca m\u1ec1m v\u00e0 ph\u1eb3ng<\/div>\n<div dir=\"auto\">An to\u00e0n m\u00e0u v\u00e0 kh\u00f4ng m\u00f9i<\/div>\n<div dir=\"auto\">Tay c\u1ea7m h\u00ecnh cong d\u1ec5 c\u1ea7m n\u1eafm<\/div>\n<div dir=\"auto\">Ph\u00f9 h\u1ee3p v\u1edbi ti\u00eau chu\u1ea9n an to\u00e0n EN 14372<\/div>\n<div dir=\"auto\">R\u1ea5t th\u00edch h\u1ee3p cho vi\u1ec7c cho tr\u1ebb nh\u1ecf \u0103n ch\u00e1o ho\u1eb7c th\u1ee9c \u0103n \u0111\u1eb7c h\u00e0ng ng\u00e0y.<\/div>\n<\/div>\n<div class=\"o9v6fnle cxmmr5t8 oygrvhab hcukyx3x c1et5uql ii04i59q\">\n<div dir=\"auto\">Bao b\u00ec ch\u1ee9a \u00edt nh\u1ea5t 70% n\u1ed9i dung t\u00e1i ch\u1ebf.<\/div>\n<\/div>\n","protected":false},"excerpt":{"rendered":"<p>Th\u00eca m\u1ec1m v\u00e0 ph\u1eb3ng An to\u00e0n m\u00e0u v\u00e0 kh\u00f4ng m\u00f9i Tay c\u1ea7m h\u00ecnh cong d\u1ec5 c\u1ea7m n\u1eafm Ph\u00f9 h\u1ee3p v\u1edbi ti\u00eau chu\u1ea9n an to\u00e0n EN 14372 R\u1ea5t th\u00edch h\u1ee3p cho vi\u1ec7c cho tr\u1ebb nh\u1ecf \u0103n ch\u00e1o ho\u1eb7c th\u1ee9c \u0103n \u0111\u1eb7c &hellip; <a href=\"https:\/\/sansanhouse.com\/index.php\/product\/muong-cho-tre-4-thang\/\">Readmore<\/a><\/p>\n","protected":false},"featured_media":7485,"comment_status":"open","ping_status":"closed","template":"","meta":[],"product_cat":[168],"product_tag":[80],"_links":{"self":[{"href":"https:\/\/sansanhouse.com\/index.php\/wp-json\/wp\/v2\/product\/7306"}],"collection":[{"href":"https:\/\/sansanhouse.com\/index.php\/wp-json\/wp\/v2\/product"}],"about":[{"href":"https:\/\/sansanhouse.com\/index.php\/wp-json\/wp\/v2\/types\/product"}],"replies":[{"embeddable":true,"href":"https:\/\/sansanhouse.com\/index.php\/wp-json\/wp\/v2\/comments?post=7306"}],"wp:featuredmedia":[{"embeddable":true,"href":"https:\/\/sansanhouse.com\/index.php\/wp-json\/wp\/v2\/media\/7485"}],"wp:attachment":[{"href":"https:\/\/sansanhouse.com\/index.php\/wp-json\/wp\/v2\/media?parent=7306"}],"wp:term":[{"taxonomy":"product_cat","embeddable":true,"href":"https:\/\/sansanhouse.com\/index.php\/wp-json\/wp\/v2\/product_cat?post=7306"},{"taxonomy":"product_tag","embeddable":true,"href":"https:\/\/sansanhouse.com\/index.php\/wp-json\/wp\/v2\/product_tag?post=7306"}],"curies":[{"name":"wp","href":"https:\/\/api.w.org\/{rel}","templated":true}]}}