{"id":7309,"date":"2021-12-05T11:44:35","date_gmt":"2021-12-05T04:44:35","guid":{"rendered":"https:\/\/sansanhouse.com\/?post_type=product&#038;p=7309"},"modified":"2021-12-22T10:05:10","modified_gmt":"2021-12-22T03:05:10","slug":"hop-dung-sua-bot-mang-di-babylove","status":"publish","type":"product","link":"https:\/\/sansanhouse.com\/index.php\/product\/hop-dung-sua-bot-mang-di-babylove\/","title":{"rendered":"H\u1ed9p \u0111\u1ef1ng s\u1eefa b\u1ed9t &#8211; babylove"},"content":{"rendered":"<div class=\"o9v6fnle cxmmr5t8 oygrvhab hcukyx3x c1et5uql ii04i59q\">\n<div dir=\"auto\">100% nh\u1ef1a ch\u1ea5t l\u01b0\u1ee3ng cao, \u1ed5n \u0111\u1ecbnh &#8211; kh\u00f4ng ch\u1ee9a Bisphenol-A (BPA)<\/div>\n<\/div>\n<div class=\"o9v6fnle cxmmr5t8 oygrvhab hcukyx3x c1et5uql ii04i59q\">\n<div dir=\"auto\">Ph\u00f9 h\u1ee3p v\u1edbi ti\u00eau chu\u1ea9n an to\u00e0n EN 14372<\/div>\n<div dir=\"auto\">Ki\u1ec3m tra c\u00e1c ch\u1ea5t \u0111\u1ed9c h\u1ea1i an to\u00e0n v\u00e0 kh\u00f4ng m\u00f9i<\/div>\n<div dir=\"auto\">M\u00e1y pha s\u1eefa b\u1ed9t babylove gi\u00fap vi\u1ec7c chu\u1ea9n b\u1ecb s\u1eefa b\u1ed9t cho b\u00e9 \u1edf nh\u00e0 v\u00e0 khi di chuy\u1ec3n tr\u1edf n\u00ean d\u1ec5 d\u00e0ng h\u01a1n.<\/div>\n<div dir=\"auto\"><\/div>\n<div dir=\"auto\">3 lon c\u1ee7a portioner c\u00f3 th\u1ec3 \u0111\u01b0\u1ee3c \u0111\u00f3ng ri\u00eang v\u00e0 v\u1eb7n v\u00e0o nhau.<\/div>\n<div dir=\"auto\">N\u1eafp b\u00ecnh c\u00f3 t\u00edch h\u1ee3p ph\u1ec5u gi\u00fap \u0111\u1ed5 s\u1eefa b\u1ed9t v\u00e0o b\u00ecnh d\u1ec5 d\u00e0ng h\u01a1n. M\u1ed7i lon ch\u1ee9a \u0111\u01b0\u1ee3c kho\u1ea3ng 33,6 g b\u1ed9t t\u00ednh \u0111\u1ebfn m\u00e9p tr\u00ean (t\u01b0\u01a1ng \u1ee9ng v\u1edbi 7 th\u00eca \u0111ong).<\/div>\n<\/div>\n<div class=\"o9v6fnle cxmmr5t8 oygrvhab hcukyx3x c1et5uql ii04i59q\">\n<div dir=\"auto\">an to\u00e0n cho m\u00e1y r\u1eeda b\u00e1t, nh\u01b0ng kh\u00f4ng an to\u00e0n cho l\u00f2 vi s\u00f3ng.<\/div>\n<div dir=\"auto\">Vui l\u00f2ng kh\u00f4ng \u0111\u1ed5 \u0111\u1ea7y \u0111\u1ed3 u\u1ed1ng ho\u1eb7c th\u1ee9c \u0103n n\u00f3ng v\u00e0 kh\u00f4ng \u0111\u1ec3 trong t\u1ee7 l\u1ea1nh (nguy c\u01a1 qu\u00e1 \u00e1p).<\/div>\n<\/div>\n<div class=\"o9v6fnle cxmmr5t8 oygrvhab hcukyx3x c1et5uql ii04i59q\">\n<div dir=\"auto\">Bao b\u00ec ch\u1ee9a \u00edt nh\u1ea5t 70% n\u1ed9i dung t\u00e1i ch\u1ebf.<\/div>\n<div dir=\"auto\"><\/div>\n<\/div>\n<div class=\"o9v6fnle cxmmr5t8 oygrvhab hcukyx3x c1et5uql ii04i59q\">\n<div dir=\"auto\">V\u1ec6 SINH:Vui l\u00f2ng lu\u00f4n th\u00e1o r\u1eddi s\u1ea3n ph\u1ea9m th\u00e0nh c\u00e1c b\u1ed9 ph\u1eadn ri\u00eang l\u1ebb \u0111\u1ec3 v\u1ec7 sinh.<\/div>\n<div dir=\"auto\">L\u00e0m s\u1ea1ch k\u1ef9 l\u01b0\u1ee1ng tr\u01b0\u1edbc khi s\u1eed d\u1ee5ng l\u1ea7n \u0111\u1ea7u ti\u00ean. Sau \u0111\u00f3 l\u00e0m s\u1ea1ch b\u1eb1ng ch\u1ea5t t\u1ea9y r\u1eeda nh\u1eb9 trong n\u01b0\u1edbc n\u00f3ng v\u00e0 r\u1eeda s\u1ea1ch. H\u1ed9p \u0111\u1ef1ng s\u1eefa b\u1ed9t an to\u00e0n cho m\u00e1y r\u1eeda b\u00e1t &#8211; v\u00ec l\u00fd do v\u1ec7 sinh, ch\u00fang t\u00f4i khuy\u00ean b\u1ea1n n\u00ean d\u00f9ng ng\u0103n tr\u00ean c\u1ee7a m\u00e1y r\u1eeda b\u00e1t. Kh\u00f4ng \u0111un s\u00f4i d\u1ee5ng c\u1ee5 ch\u01b0ng c\u1ea5t s\u1eefa b\u1ed9t v\u00e0 kh\u00f4ng h\u1ea5p ti\u1ec7t tr\u00f9ng.<\/div>\n<div dir=\"auto\">S\u1ea3n ph\u1ea9m n\u00e0y kh\u00f4ng ph\u1ea3i l\u00e0 \u0111\u1ed3 ch\u01a1i &#8211; tr\u00e1nh xa t\u1ea7m tay c\u1ee7a tr\u1ebb em.<\/div>\n<\/div>\n","protected":false},"excerpt":{"rendered":"<p>100% nh\u1ef1a ch\u1ea5t l\u01b0\u1ee3ng cao, \u1ed5n \u0111\u1ecbnh &#8211; kh\u00f4ng ch\u1ee9a Bisphenol-A (BPA) Ph\u00f9 h\u1ee3p v\u1edbi ti\u00eau chu\u1ea9n an to\u00e0n EN 14372 Ki\u1ec3m tra c\u00e1c ch\u1ea5t \u0111\u1ed9c h\u1ea1i an to\u00e0n v\u00e0 kh\u00f4ng m\u00f9i M\u00e1y pha s\u1eefa b\u1ed9t babylove gi\u00fap vi\u1ec7c chu\u1ea9n &hellip; <a href=\"https:\/\/sansanhouse.com\/index.php\/product\/hop-dung-sua-bot-mang-di-babylove\/\">Readmore<\/a><\/p>\n","protected":false},"featured_media":7311,"comment_status":"open","ping_status":"closed","template":"","meta":[],"product_cat":[168],"product_tag":[80],"_links":{"self":[{"href":"https:\/\/sansanhouse.com\/index.php\/wp-json\/wp\/v2\/product\/7309"}],"collection":[{"href":"https:\/\/sansanhouse.com\/index.php\/wp-json\/wp\/v2\/product"}],"about":[{"href":"https:\/\/sansanhouse.com\/index.php\/wp-json\/wp\/v2\/types\/product"}],"replies":[{"embeddable":true,"href":"https:\/\/sansanhouse.com\/index.php\/wp-json\/wp\/v2\/comments?post=7309"}],"wp:featuredmedia":[{"embeddable":true,"href":"https:\/\/sansanhouse.com\/index.php\/wp-json\/wp\/v2\/media\/7311"}],"wp:attachment":[{"href":"https:\/\/sansanhouse.com\/index.php\/wp-json\/wp\/v2\/media?parent=7309"}],"wp:term":[{"taxonomy":"product_cat","embeddable":true,"href":"https:\/\/sansanhouse.com\/index.php\/wp-json\/wp\/v2\/product_cat?post=7309"},{"taxonomy":"product_tag","embeddable":true,"href":"https:\/\/sansanhouse.com\/index.php\/wp-json\/wp\/v2\/product_tag?post=7309"}],"curies":[{"name":"wp","href":"https:\/\/api.w.org\/{rel}","templated":true}]}}