{"id":7323,"date":"2021-12-05T11:59:12","date_gmt":"2021-12-05T04:59:12","guid":{"rendered":"https:\/\/sansanhouse.com\/?post_type=product&#038;p=7323"},"modified":"2021-12-22T09:51:07","modified_gmt":"2021-12-22T02:51:07","slug":"gam-nuou-lam-mat-rang-babydream","status":"publish","type":"product","link":"https:\/\/sansanhouse.com\/index.php\/product\/gam-nuou-lam-mat-rang-babydream\/","title":{"rendered":"G\u1eb7m n\u01b0\u1edbu l\u00e0m m\u00e1t Babydream"},"content":{"rendered":"<div class=\"o9v6fnle cxmmr5t8 oygrvhab hcukyx3x c1et5uql ii04i59q\">\n<div dir=\"auto\">S\u01a1 c\u1ee9u nh\u1eefng chi\u1ebfc r\u0103ng \u0111\u1ea7u ti\u00ean &#8211; n\u00fam ty l\u00e0m m\u00e1t Babydream c\u00f3 th\u1ec3 gi\u1ea3m \u0111au v\u00e0 gi\u00fap b\u00e9 m\u1ecdc r\u0103ng d\u1ec5 d\u00e0ng h\u01a1n th\u00f4ng qua vi\u1ec7c l\u00e0m m\u00e1t \u00eam d\u1ecbu.<\/div>\n<div dir=\"auto\">\u0110\u01a1n gi\u1ea3n ch\u1ec9 c\u1ea7n \u0111\u1eb7t d\u00e2y l\u00e0m m\u00e1t v\u00e0o t\u1ee7 l\u1ea1nh \u0111\u1ec3 l\u00e0m m\u00e1t. C\u00e1c teether l\u00e0m m\u00e1t ch\u1ee9a \u0111\u1ea7y n\u01b0\u1edbc v\u00e0 do \u0111\u00f3 kh\u00f4ng \u0111\u1ed9c h\u1ea1i. D\u00e0nh cho b\u00e9 t\u1eeb 3 th\u00e1ng.<\/div>\n<div dir=\"auto\">Kh\u00f4ng c\u00f3 BPA quy \u0111\u1ecbnh ti\u00eau chu\u1ea9n c\u1ee7a kh\u1ed1i EU.<\/div>\n<div dir=\"auto\"><\/div>\n<\/div>\n<div class=\"o9v6fnle cxmmr5t8 oygrvhab hcukyx3x c1et5uql ii04i59q\">\n<div dir=\"auto\">C\u00c1CH V\u1ec6 SINH :<\/div>\n<div dir=\"auto\">Ch\u00fang t\u00f4i khuy\u00ean b\u1ea1n n\u00ean l\u00e0m s\u1ea1ch b\u1eb1ng n\u01b0\u1edbc \u1ea5m. Vui l\u00f2ng kh\u00f4ng s\u1eed d\u1ee5ng ch\u1ea5t kh\u1eed tr\u00f9ng!<\/div>\n<div dir=\"auto\">V\u00cc S\u1ef0 AN TO\u00c0N V\u00c0 S\u1ee8C KH\u1eceE C\u1ee6A CON B\u1ea0N: C\u1ea2NH B\u00c1O! Ch\u1ec9 cho v\u00e0o t\u1ee7 l\u1ea1nh, kh\u00f4ng cho v\u00e0o ng\u0103n \u0111\u00e1. S\u1ea3n ph\u1ea9m ph\u1ea3i \u0111\u01b0\u1ee3c ki\u1ec3m tra tr\u01b0\u1edbc m\u1ed7i l\u1ea7n s\u1eed d\u1ee5ng. V\u1ee9t n\u00f3 \u0111i khi c\u00f3 d\u1ea5u hi\u1ec7u h\u01b0 h\u1ecfng .<\/div>\n<div dir=\"auto\">Kh\u00f4ng l\u00e0m s\u1ea1ch trong m\u00e1y ti\u1ec7t tr\u00f9ng b\u1eb1ng h\u01a1i n\u01b0\u1edbc. Kh\u00f4ng \u0111un s\u00f4i ho\u1eb7c ti\u1ec7t tr\u00f9ng trong l\u00f2 vi s\u00f3ng!<\/div>\n<\/div>\n","protected":false},"excerpt":{"rendered":"<p>S\u01a1 c\u1ee9u nh\u1eefng chi\u1ebfc r\u0103ng \u0111\u1ea7u ti\u00ean &#8211; n\u00fam ty l\u00e0m m\u00e1t Babydream c\u00f3 th\u1ec3 gi\u1ea3m \u0111au v\u00e0 gi\u00fap b\u00e9 m\u1ecdc r\u0103ng d\u1ec5 d\u00e0ng h\u01a1n th\u00f4ng qua vi\u1ec7c l\u00e0m m\u00e1t \u00eam d\u1ecbu. \u0110\u01a1n gi\u1ea3n ch\u1ec9 c\u1ea7n \u0111\u1eb7t d\u00e2y l\u00e0m m\u00e1t &hellip; <a href=\"https:\/\/sansanhouse.com\/index.php\/product\/gam-nuou-lam-mat-rang-babydream\/\">Readmore<\/a><\/p>\n","protected":false},"featured_media":7324,"comment_status":"open","ping_status":"closed","template":"","meta":[],"product_cat":[168],"product_tag":[80],"_links":{"self":[{"href":"https:\/\/sansanhouse.com\/index.php\/wp-json\/wp\/v2\/product\/7323"}],"collection":[{"href":"https:\/\/sansanhouse.com\/index.php\/wp-json\/wp\/v2\/product"}],"about":[{"href":"https:\/\/sansanhouse.com\/index.php\/wp-json\/wp\/v2\/types\/product"}],"replies":[{"embeddable":true,"href":"https:\/\/sansanhouse.com\/index.php\/wp-json\/wp\/v2\/comments?post=7323"}],"wp:featuredmedia":[{"embeddable":true,"href":"https:\/\/sansanhouse.com\/index.php\/wp-json\/wp\/v2\/media\/7324"}],"wp:attachment":[{"href":"https:\/\/sansanhouse.com\/index.php\/wp-json\/wp\/v2\/media?parent=7323"}],"wp:term":[{"taxonomy":"product_cat","embeddable":true,"href":"https:\/\/sansanhouse.com\/index.php\/wp-json\/wp\/v2\/product_cat?post=7323"},{"taxonomy":"product_tag","embeddable":true,"href":"https:\/\/sansanhouse.com\/index.php\/wp-json\/wp\/v2\/product_tag?post=7323"}],"curies":[{"name":"wp","href":"https:\/\/api.w.org\/{rel}","templated":true}]}}