{"id":7327,"date":"2021-12-05T12:05:29","date_gmt":"2021-12-05T05:05:29","guid":{"rendered":"https:\/\/sansanhouse.com\/?post_type=product&#038;p=7327"},"modified":"2021-12-05T12:05:29","modified_gmt":"2021-12-05T05:05:29","slug":"nuoc-rua-binh-frosch-baby","status":"publish","type":"product","link":"https:\/\/sansanhouse.com\/index.php\/product\/nuoc-rua-binh-frosch-baby\/","title":{"rendered":"N\u01b0\u1edbc r\u1eeda b\u00ecnh Frosch Baby"},"content":{"rendered":"<div class=\"o9v6fnle cxmmr5t8 oygrvhab hcukyx3x c1et5uql ii04i59q\">\n<div dir=\"auto\">Hi\u1ec7u qu\u1ea3 lo\u1ea1i b\u1ecf c\u1eb7n s\u1eefa, ch\u00e1o v\u00e0 th\u1ee9c \u0103n b\u00e1m tr\u00ean c\u00e1c ph\u1ee5 ki\u1ec7n c\u1ee7a b\u00e9 nh\u01b0 b\u00ecnh s\u1eefa, n\u00fam ti, v\u00f2ng m\u1ecdc r\u0103ng ho\u1eb7c \u0111\u1ed3 ch\u01a1i c\u00f3 th\u1ec3 r\u1eeda \u0111\u01b0\u1ee3c.<\/div>\n<\/div>\n<div class=\"o9v6fnle cxmmr5t8 oygrvhab hcukyx3x c1et5uql ii04i59q\">\n<div dir=\"auto\">T\u00ednh n\u0103ng s\u1ea3n ph\u1ea9m: Thu\u1ea7n chay<\/div>\n<\/div>\n<div class=\"o9v6fnle cxmmr5t8 oygrvhab hcukyx3x c1et5uql ii04i59q\">\n<div dir=\"auto\">Tr\u00e1nh xa t\u1ea7m tay tr\u1ebb em.<\/div>\n<\/div>\n<div class=\"o9v6fnle cxmmr5t8 oygrvhab hcukyx3x c1et5uql ii04i59q\">\n<div dir=\"auto\">1 gi\u1ecdt (t\u01b0\u01a1ng \u1ee9ng v\u1edbi kho\u1ea3ng 5 ml) cho 5 l\u00edt n\u01b0\u1edbc l\u00e0 \u0111\u1ee7. S\u1eed d\u1ee5ng kh\u00f4ng pha lo\u00e3ng.<\/div>\n<\/div>\n","protected":false},"excerpt":{"rendered":"<p>Hi\u1ec7u qu\u1ea3 lo\u1ea1i b\u1ecf c\u1eb7n s\u1eefa, ch\u00e1o v\u00e0 th\u1ee9c \u0103n b\u00e1m tr\u00ean c\u00e1c ph\u1ee5 ki\u1ec7n c\u1ee7a b\u00e9 nh\u01b0 b\u00ecnh s\u1eefa, n\u00fam ti, v\u00f2ng m\u1ecdc r\u0103ng ho\u1eb7c \u0111\u1ed3 ch\u01a1i c\u00f3 th\u1ec3 r\u1eeda \u0111\u01b0\u1ee3c. T\u00ednh n\u0103ng s\u1ea3n ph\u1ea9m: Thu\u1ea7n chay Tr\u00e1nh xa &hellip; <a href=\"https:\/\/sansanhouse.com\/index.php\/product\/nuoc-rua-binh-frosch-baby\/\">Readmore<\/a><\/p>\n","protected":false},"featured_media":7328,"comment_status":"open","ping_status":"closed","template":"","meta":[],"product_cat":[168],"product_tag":[80],"_links":{"self":[{"href":"https:\/\/sansanhouse.com\/index.php\/wp-json\/wp\/v2\/product\/7327"}],"collection":[{"href":"https:\/\/sansanhouse.com\/index.php\/wp-json\/wp\/v2\/product"}],"about":[{"href":"https:\/\/sansanhouse.com\/index.php\/wp-json\/wp\/v2\/types\/product"}],"replies":[{"embeddable":true,"href":"https:\/\/sansanhouse.com\/index.php\/wp-json\/wp\/v2\/comments?post=7327"}],"wp:featuredmedia":[{"embeddable":true,"href":"https:\/\/sansanhouse.com\/index.php\/wp-json\/wp\/v2\/media\/7328"}],"wp:attachment":[{"href":"https:\/\/sansanhouse.com\/index.php\/wp-json\/wp\/v2\/media?parent=7327"}],"wp:term":[{"taxonomy":"product_cat","embeddable":true,"href":"https:\/\/sansanhouse.com\/index.php\/wp-json\/wp\/v2\/product_cat?post=7327"},{"taxonomy":"product_tag","embeddable":true,"href":"https:\/\/sansanhouse.com\/index.php\/wp-json\/wp\/v2\/product_tag?post=7327"}],"curies":[{"name":"wp","href":"https:\/\/api.w.org\/{rel}","templated":true}]}}