{"id":7348,"date":"2021-12-05T12:21:20","date_gmt":"2021-12-05T05:21:20","guid":{"rendered":"https:\/\/sansanhouse.com\/?post_type=product&#038;p=7348"},"modified":"2021-12-05T12:21:20","modified_gmt":"2021-12-05T05:21:20","slug":"muong-an-dam","status":"publish","type":"product","link":"https:\/\/sansanhouse.com\/index.php\/product\/muong-an-dam\/","title":{"rendered":"Mu\u1ed7ng \u0103n d\u1eb7m"},"content":{"rendered":"<div class=\"o9v6fnle cxmmr5t8 oygrvhab hcukyx3x c1et5uql ii04i59q\">\n<div dir=\"auto\">Nh\u1eefng chi\u1ebfc th\u00eca n\u00e0y \u0111\u1eb7c bi\u1ec7t t\u1ed1t \u0111\u1ec3 cho tr\u1ebb nh\u1ecf \u0103n. Ch\u00fang c\u0169ng gi\u00fap \u0111\u1ee9a tr\u1ebb h\u1ecdc c\u00e1ch \u0103n u\u1ed1ng \u0111\u1ed9c l\u1eadp. Khuy\u1ebfn ngh\u1ecb t\u1eeb 6 th\u00e1ng.<\/div>\n<\/div>\n<div class=\"o9v6fnle cxmmr5t8 oygrvhab hcukyx3x c1et5uql ii04i59q\">\n<div dir=\"auto\">Th\u00eca d\u00e0nh cho tr\u1ebb em B\u00e0i vi\u1ebft n\u00e0y tu\u00e2n th\u1ee7 EN 14372.<\/div>\n<div dir=\"auto\">V\u00ec s\u1ef1 an to\u00e0n v\u00e0 s\u1ee9c kh\u1ecfe c\u1ee7a con b\u1ea1n C\u1ea2NH B\u00c1O! M\u1ee5c n\u00e0y kh\u00f4ng ph\u1ea3i l\u00e0 m\u1ed9t m\u00f3n \u0111\u1ed3 ch\u01a1i.<\/div>\n<div dir=\"auto\">S\u1ea3n ph\u1ea9m n\u00e0y ch\u1ec9 \u0111\u01b0\u1ee3c s\u1eed d\u1ee5ng d\u01b0\u1edbi s\u1ef1 gi\u00e1m s\u00e1t c\u1ee7a ng\u01b0\u1eddi l\u1edbn. S\u1ea3n ph\u1ea9m ph\u1ea3i \u0111\u01b0\u1ee3c ki\u1ec3m tra tr\u01b0\u1edbc m\u1ed7i l\u1ea7n s\u1eed d\u1ee5ng.<\/div>\n<div dir=\"auto\">V\u1ee9t n\u00f3 \u0111i khi c\u00f3 d\u1ea5u hi\u1ec7u h\u01b0 h\u1ecfng. Lu\u00f4n ki\u1ec3m tra nhi\u1ec7t \u0111\u1ed9 c\u1ee7a th\u1ee9c \u0103n tr\u01b0\u1edbc khi cho tr\u1ebb \u0103n. M\u00e1y r\u1eeda b\u00e1t \u0111\u0129a an to\u00e0n.<\/div>\n<div dir=\"auto\">Kh\u00f4ng l\u00e0m s\u1ea1ch trong m\u00e1y ti\u1ec7t tr\u00f9ng b\u1eb1ng h\u01a1i n\u01b0\u1edbc. Kh\u00f4ng ti\u1ebfp x\u00fac v\u1edbi \u00e1nh s\u00e1ng m\u1eb7t tr\u1eddi tr\u1ef1c ti\u1ebfp.<\/div>\n<\/div>\n","protected":false},"excerpt":{"rendered":"<p>Nh\u1eefng chi\u1ebfc th\u00eca n\u00e0y \u0111\u1eb7c bi\u1ec7t t\u1ed1t \u0111\u1ec3 cho tr\u1ebb nh\u1ecf \u0103n. Ch\u00fang c\u0169ng gi\u00fap \u0111\u1ee9a tr\u1ebb h\u1ecdc c\u00e1ch \u0103n u\u1ed1ng \u0111\u1ed9c l\u1eadp. Khuy\u1ebfn ngh\u1ecb t\u1eeb 6 th\u00e1ng. Th\u00eca d\u00e0nh cho tr\u1ebb em B\u00e0i vi\u1ebft n\u00e0y tu\u00e2n th\u1ee7 EN 14372. &hellip; <a href=\"https:\/\/sansanhouse.com\/index.php\/product\/muong-an-dam\/\">Readmore<\/a><\/p>\n","protected":false},"featured_media":7349,"comment_status":"open","ping_status":"closed","template":"","meta":[],"product_cat":[168],"product_tag":[80],"_links":{"self":[{"href":"https:\/\/sansanhouse.com\/index.php\/wp-json\/wp\/v2\/product\/7348"}],"collection":[{"href":"https:\/\/sansanhouse.com\/index.php\/wp-json\/wp\/v2\/product"}],"about":[{"href":"https:\/\/sansanhouse.com\/index.php\/wp-json\/wp\/v2\/types\/product"}],"replies":[{"embeddable":true,"href":"https:\/\/sansanhouse.com\/index.php\/wp-json\/wp\/v2\/comments?post=7348"}],"wp:featuredmedia":[{"embeddable":true,"href":"https:\/\/sansanhouse.com\/index.php\/wp-json\/wp\/v2\/media\/7349"}],"wp:attachment":[{"href":"https:\/\/sansanhouse.com\/index.php\/wp-json\/wp\/v2\/media?parent=7348"}],"wp:term":[{"taxonomy":"product_cat","embeddable":true,"href":"https:\/\/sansanhouse.com\/index.php\/wp-json\/wp\/v2\/product_cat?post=7348"},{"taxonomy":"product_tag","embeddable":true,"href":"https:\/\/sansanhouse.com\/index.php\/wp-json\/wp\/v2\/product_tag?post=7348"}],"curies":[{"name":"wp","href":"https:\/\/api.w.org\/{rel}","templated":true}]}}