{"id":7369,"date":"2021-12-05T12:38:29","date_gmt":"2021-12-05T05:38:29","guid":{"rendered":"https:\/\/sansanhouse.com\/?post_type=product&#038;p=7369"},"modified":"2021-12-05T12:38:29","modified_gmt":"2021-12-05T05:38:29","slug":"set-vo-5-doi-pusb","status":"publish","type":"product","link":"https:\/\/sansanhouse.com\/index.php\/product\/set-vo-5-doi-pusb\/","title":{"rendered":"Set v\u1edb 5 \u0111\u00f4i &#8211; PUSB"},"content":{"rendered":"<div class=\"o9v6fnle cxmmr5t8 oygrvhab hcukyx3x c1et5uql ii04i59q\">\n<div dir=\"auto\">Th\u00e0nh ph\u1ea7n v\u1ea3i:<\/div>\n<div dir=\"auto\">86% COTTON<\/div>\n<div dir=\"auto\">12% POLYAMIDE<\/div>\n<div dir=\"auto\">2% ELASTANE<\/div>\n<\/div>\n<div class=\"o9v6fnle cxmmr5t8 oygrvhab hcukyx3x c1et5uql ii04i59q\">\n<div dir=\"auto\">Unisex<\/div>\n<div dir=\"auto\">\u0110\u1ed9 tu\u1ed5i: 1-2 tu\u1ed5i<\/div>\n<\/div>\n<div class=\"o9v6fnle cxmmr5t8 oygrvhab hcukyx3x c1et5uql ii04i59q\">\n<div dir=\"auto\">N\u00e2ng niu \u0111\u00f4i ch\u00e2n m\u1ec1m m\u1ea1i v\u00e0 \u1ea5m \u00e1p cho b\u00e9<\/div>\n<\/div>\n<div class=\"o9v6fnle cxmmr5t8 oygrvhab hcukyx3x c1et5uql ii04i59q\">\n<div dir=\"auto\">V\u1edb PUSBLU gi\u1eef \u1ea5m m\u1ed9t c\u00e1ch d\u1ec5 ch\u1ecbu cho \u0111\u00f4i ch\u00e2n b\u00e9 nh\u1ecf c\u1ee7a b\u1ea1n. V\u1edb \u00e2u y\u1ebfm c\u1ef1c k\u1ef3 th\u00edch h\u1ee3p cho c\u00e1c b\u00e9 nh\u1edd ch\u1ea5t li\u1ec7u m\u1ec1m m\u1ea1i v\u00e0 c\u1ed5 tay \u00e1o m\u1ec1m m\u1ea1i. Lo\u1ea1i b\u00f4ng \u0111\u01b0\u1ee3c s\u1eed d\u1ee5ng th\u00e2n thi\u1ec7n v\u1edbi da v\u00e0 m\u1ec1m m\u1ea1i, s\u1ee3i t\u1ed5ng h\u1ee3p \u0111\u1ea3m b\u1ea3o v\u1eeba v\u1eb7n. Nhi\u1ec1u g\u00f3i \u0111\u1eb7c bi\u1ec7t thi\u1ebft th\u1ef1c cho t\u1ea5t tr\u1ebb em v\u00e0 v\u1edbi b\u1ed9 5 n\u00e0y, b\u1ea1n s\u1ebd c\u00f3 1 \u0111\u00f4i t\u1ea5t c\u01a1 b\u1ea3n m\u00e0u tr\u1eafng v\u00e0 th\u00eam 1 m\u00e0u ch\u1ee7 \u0111\u1ea1o l\u00e0 xanh \u0111\u1eadm cho nh\u1eefng n\u0103m th\u00e1ng \u0111\u1ea7u ti\u00ean c\u1ee7a b\u00e9.<\/div>\n<\/div>\n","protected":false},"excerpt":{"rendered":"<p>Th\u00e0nh ph\u1ea7n v\u1ea3i: 86% COTTON 12% POLYAMIDE 2% ELASTANE Unisex \u0110\u1ed9 tu\u1ed5i: 1-2 tu\u1ed5i N\u00e2ng niu \u0111\u00f4i ch\u00e2n m\u1ec1m m\u1ea1i v\u00e0 \u1ea5m \u00e1p cho b\u00e9 V\u1edb PUSBLU gi\u1eef \u1ea5m m\u1ed9t c\u00e1ch d\u1ec5 ch\u1ecbu cho \u0111\u00f4i ch\u00e2n b\u00e9 nh\u1ecf c\u1ee7a b\u1ea1n. &hellip; <a href=\"https:\/\/sansanhouse.com\/index.php\/product\/set-vo-5-doi-pusb\/\">Readmore<\/a><\/p>\n","protected":false},"featured_media":7371,"comment_status":"open","ping_status":"closed","template":"","meta":[],"product_cat":[169],"product_tag":[78],"_links":{"self":[{"href":"https:\/\/sansanhouse.com\/index.php\/wp-json\/wp\/v2\/product\/7369"}],"collection":[{"href":"https:\/\/sansanhouse.com\/index.php\/wp-json\/wp\/v2\/product"}],"about":[{"href":"https:\/\/sansanhouse.com\/index.php\/wp-json\/wp\/v2\/types\/product"}],"replies":[{"embeddable":true,"href":"https:\/\/sansanhouse.com\/index.php\/wp-json\/wp\/v2\/comments?post=7369"}],"wp:featuredmedia":[{"embeddable":true,"href":"https:\/\/sansanhouse.com\/index.php\/wp-json\/wp\/v2\/media\/7371"}],"wp:attachment":[{"href":"https:\/\/sansanhouse.com\/index.php\/wp-json\/wp\/v2\/media?parent=7369"}],"wp:term":[{"taxonomy":"product_cat","embeddable":true,"href":"https:\/\/sansanhouse.com\/index.php\/wp-json\/wp\/v2\/product_cat?post=7369"},{"taxonomy":"product_tag","embeddable":true,"href":"https:\/\/sansanhouse.com\/index.php\/wp-json\/wp\/v2\/product_tag?post=7369"}],"curies":[{"name":"wp","href":"https:\/\/api.w.org\/{rel}","templated":true}]}}